Last updated on 2025-05-21 05:51:45 CEST.
Flavor | Version | Tinstall | Tcheck | Ttotal | Status | Flags |
---|---|---|---|---|---|---|
r-devel-linux-x86_64-debian-clang | 0.1.2 | 2.80 | 24.72 | 27.52 | NOTE | |
r-devel-linux-x86_64-debian-gcc | 0.1.2 | 1.98 | 18.84 | 20.82 | NOTE | |
r-devel-linux-x86_64-fedora-clang | 0.1.2 | 43.34 | NOTE | |||
r-devel-linux-x86_64-fedora-gcc | 0.1.2 | 31.76 | NOTE | |||
r-devel-windows-x86_64 | 0.1.2 | 5.00 | 48.00 | 53.00 | NOTE | |
r-patched-linux-x86_64 | 0.1.2 | 3.09 | 23.21 | 26.30 | NOTE | |
r-release-linux-x86_64 | 0.1.2 | 2.86 | 22.99 | 25.85 | NOTE | |
r-release-macos-arm64 | 0.1.2 | 16.00 | NOTE | |||
r-release-macos-x86_64 | 0.1.2 | 29.00 | NOTE | |||
r-release-windows-x86_64 | 0.1.2 | 5.00 | 58.00 | 63.00 | NOTE | |
r-oldrel-macos-arm64 | 0.1.2 | 20.00 | NOTE | |||
r-oldrel-macos-x86_64 | 0.1.2 | 25.00 | NOTE | |||
r-oldrel-windows-x86_64 | 0.1.2 | 5.00 | 54.00 | 59.00 | NOTE |
Version: 0.1.2
Check: Rd files
Result: NOTE
checkRd: (-1) altopt.ic.Rd:63: Lost braces in \itemize; \value handles \item{}{} directly
checkRd: (-1) altopt.ic.Rd:64: Lost braces in \itemize; \value handles \item{}{} directly
checkRd: (-1) altopt.ic.Rd:65: Lost braces in \itemize; \value handles \item{}{} directly
checkRd: (-1) altopt.ic.Rd:66: Lost braces in \itemize; \value handles \item{}{} directly
checkRd: (-1) altopt.ic.Rd:67: Lost braces in \itemize; \value handles \item{}{} directly
checkRd: (-1) altopt.ic.Rd:68: Lost braces in \itemize; \value handles \item{}{} directly
checkRd: (-1) altopt.ic.Rd:69: Lost braces in \itemize; \value handles \item{}{} directly
checkRd: (-1) altopt.rc.Rd:60: Lost braces in \itemize; \value handles \item{}{} directly
checkRd: (-1) altopt.rc.Rd:61: Lost braces in \itemize; \value handles \item{}{} directly
checkRd: (-1) altopt.rc.Rd:62: Lost braces in \itemize; \value handles \item{}{} directly
checkRd: (-1) altopt.rc.Rd:63: Lost braces in \itemize; \value handles \item{}{} directly
checkRd: (-1) altopt.rc.Rd:64: Lost braces in \itemize; \value handles \item{}{} directly
checkRd: (-1) altopt.rc.Rd:65: Lost braces in \itemize; \value handles \item{}{} directly
checkRd: (-1) altopt.rc.Rd:66: Lost braces in \itemize; \value handles \item{}{} directly
Flavors: r-devel-linux-x86_64-debian-clang, r-devel-linux-x86_64-debian-gcc, r-devel-linux-x86_64-fedora-clang, r-devel-linux-x86_64-fedora-gcc, r-devel-windows-x86_64, r-patched-linux-x86_64, r-release-linux-x86_64, r-release-macos-arm64, r-release-macos-x86_64, r-release-windows-x86_64, r-oldrel-macos-arm64, r-oldrel-macos-x86_64, r-oldrel-windows-x86_64
Version: 0.1.2
Check: LazyData
Result: NOTE
'LazyData' is specified without a 'data' directory
Flavors: r-oldrel-macos-arm64, r-oldrel-macos-x86_64, r-oldrel-windows-x86_64