Last updated on 2025-05-21 05:51:45 CEST.
Flavor | Version | Tinstall | Tcheck | Ttotal | Status | Flags |
---|---|---|---|---|---|---|
r-devel-linux-x86_64-debian-clang | 0.1.0 | 134.28 | 173.76 | 308.04 | OK | |
r-devel-linux-x86_64-debian-gcc | 0.1.0 | 116.76 | 133.35 | 250.11 | OK | |
r-devel-linux-x86_64-fedora-clang | 0.1.0 | 492.60 | NOTE | |||
r-devel-linux-x86_64-fedora-gcc | 0.1.0 | 568.97 | NOTE | |||
r-devel-windows-x86_64 | 0.1.0 | 159.00 | 182.00 | 341.00 | OK | |
r-patched-linux-x86_64 | 0.1.0 | 143.63 | 177.92 | 321.55 | OK | |
r-release-linux-x86_64 | 0.1.0 | 144.09 | 176.12 | 320.21 | OK | |
r-release-macos-arm64 | 0.1.0 | 113.00 | OK | |||
r-release-macos-x86_64 | 0.1.0 | 464.00 | OK | |||
r-release-windows-x86_64 | 0.1.0 | 158.00 | 186.00 | 344.00 | OK | |
r-oldrel-macos-arm64 | 0.1.0 | 74.00 | NOTE | |||
r-oldrel-macos-x86_64 | 0.1.0 | 150.00 | NOTE | |||
r-oldrel-windows-x86_64 | 0.1.0 | 173.00 | 232.00 | 405.00 | NOTE |
Version: 0.1.0
Check: dependencies in R code
Result: NOTE
Namespace in Imports field not imported from: ‘RcppParallel’
All declared Imports should be used.
Flavors: r-devel-linux-x86_64-fedora-clang, r-devel-linux-x86_64-fedora-gcc
Version: 0.1.0
Check: installed package size
Result: NOTE
installed size is 40.1Mb
sub-directories of 1Mb or more:
libs 39.8Mb
Flavors: r-oldrel-macos-arm64, r-oldrel-macos-x86_64
Version: 0.1.0
Check: for GNU extensions in Makefiles
Result: NOTE
GNU make is a SystemRequirements.
Flavors: r-oldrel-macos-arm64, r-oldrel-macos-x86_64, r-oldrel-windows-x86_64