Last updated on 2025-05-21 05:51:45 CEST.
Flavor | Version | Tinstall | Tcheck | Ttotal | Status | Flags |
---|---|---|---|---|---|---|
r-devel-linux-x86_64-debian-clang | 1.0.0 | 21.16 | 154.50 | 175.66 | NOTE | |
r-devel-linux-x86_64-debian-gcc | 1.0.0 | 13.81 | 109.63 | 123.44 | NOTE | |
r-devel-linux-x86_64-fedora-clang | 1.0.0 | 272.96 | OK | |||
r-devel-linux-x86_64-fedora-gcc | 1.0.0 | 292.13 | OK | |||
r-devel-windows-x86_64 | 1.0.0 | 24.00 | 168.00 | 192.00 | OK | |
r-patched-linux-x86_64 | 1.0.0 | 19.21 | 142.00 | 161.21 | OK | |
r-release-linux-x86_64 | 1.0.0 | 17.74 | 143.30 | 161.04 | OK | |
r-release-macos-arm64 | 1.0.0 | 87.00 | OK | |||
r-release-macos-x86_64 | 1.0.0 | 144.00 | OK | |||
r-release-windows-x86_64 | 1.0.0 | 22.00 | 168.00 | 190.00 | OK | |
r-oldrel-macos-arm64 | 1.0.0 | 91.00 | OK | |||
r-oldrel-macos-x86_64 | 1.0.0 | 114.00 | OK | |||
r-oldrel-windows-x86_64 | 1.0.0 | 29.00 | 206.00 | 235.00 | OK |
Version: 1.0.0
Check: CRAN incoming feasibility
Result: NOTE
Maintainer: ‘Feng Xie <xief@u.duke.nus.edu>’
Package CITATION file contains call(s) to old-style personList() or
as.personList(). Please use c() on person objects instead.
Package CITATION file contains call(s) to old-style citEntry(). Please
use bibentry() instead.
Flavors: r-devel-linux-x86_64-debian-clang, r-devel-linux-x86_64-debian-gcc