Last updated on 2025-05-21 05:51:46 CEST.
Flavor | Version | Tinstall | Tcheck | Ttotal | Status | Flags |
---|---|---|---|---|---|---|
r-devel-linux-x86_64-debian-clang | 2.73 | 49.98 | 83.17 | 133.15 | OK | |
r-devel-linux-x86_64-debian-gcc | 2.73 | 39.56 | 56.48 | 96.04 | OK | |
r-devel-linux-x86_64-fedora-clang | 2.73 | 224.06 | OK | |||
r-devel-linux-x86_64-fedora-gcc | 2.73 | 252.29 | OK | |||
r-devel-windows-x86_64 | 2.73 | 62.00 | 107.00 | 169.00 | OK | |
r-patched-linux-x86_64 | 2.73 | 60.10 | 74.24 | 134.34 | OK | |
r-release-linux-x86_64 | 2.73 | 57.28 | 73.66 | 130.94 | OK | |
r-release-macos-arm64 | 2.73 | 73.00 | OK | |||
r-release-macos-x86_64 | 2.73 | 96.00 | OK | |||
r-release-windows-x86_64 | 2.73 | 61.00 | 107.00 | 168.00 | OK | |
r-oldrel-macos-arm64 | 2.73 | 67.00 | OK | |||
r-oldrel-macos-x86_64 | 2.73 | 142.00 | NOTE | |||
r-oldrel-windows-x86_64 | 2.73 | 71.00 | 127.00 | 198.00 | OK |
Version: 2.73
Check: installed package size
Result: NOTE
installed size is 5.2Mb
sub-directories of 1Mb or more:
libs 3.7Mb
Flavor: r-oldrel-macos-x86_64