Last updated on 2025-10-05 05:49:27 CEST.
Flavor | Version | Tinstall | Tcheck | Ttotal | Status | Flags |
---|---|---|---|---|---|---|
r-devel-linux-x86_64-debian-clang | 0.6.0 | 5.12 | 61.23 | 66.35 | OK | |
r-devel-linux-x86_64-debian-gcc | 0.6.0 | 3.97 | 43.35 | 47.32 | OK | |
r-devel-linux-x86_64-fedora-clang | 0.6.0 | 94.98 | OK | |||
r-devel-linux-x86_64-fedora-gcc | 0.6.0 | 93.52 | OK | |||
r-devel-windows-x86_64 | 0.6.0 | 9.00 | 195.00 | 204.00 | OK | |
r-patched-linux-x86_64 | 0.6.0 | 5.22 | 55.05 | 60.27 | OK | |
r-release-linux-x86_64 | 0.6.0 | 3.98 | 54.83 | 58.81 | OK | |
r-release-macos-arm64 | 0.6.0 | 376.00 | OK | |||
r-release-macos-x86_64 | 0.6.0 | 400.00 | OK | |||
r-release-windows-x86_64 | 0.6.0 | 7.00 | 202.00 | 209.00 | OK | |
r-oldrel-macos-arm64 | 0.6.0 | 377.00 | OK | |||
r-oldrel-macos-x86_64 | 0.6.0 | 401.00 | OK | |||
r-oldrel-windows-x86_64 | 0.6.0 | 10.00 | 224.00 | 234.00 | ERROR |
Version: 0.6.0
Check: tests
Result: ERROR
Running 'testthat.R' [156s]
Running the tests in 'tests/testthat.R' failed.
Complete output:
> # This file is part of the standard setup for testthat.
> # It is recommended that you do not modify it.
> #
> # Where should you do additional test configuration?
> # Learn more about the roles of various files in:
> # * https://r-pkgs.org/testing-design.html#sec-tests-files-overview
> # * https://testthat.r-lib.org/articles/special-files.html
>
> library(testthat)
> library(BFS)
>
> test_check("BFS")
=>----------------------------- 4% | ETA: 1m
===>--------------------------- 9% | ETA: 1m
====>-------------------------- 14% | ETA: 1m
======>------------------------ 18% | ETA: 49s
=======>----------------------- 24% | ETA: 45s
=========>--------------------- 29% | ETA: 41s
==========>-------------------- 33% | ETA: 41s
============>------------------ 38% | ETA: 37s
=============>----------------- 44% | ETA: 33s
===============>--------------- 50% | ETA: 29s
=================>------------- 56% | ETA: 26s
==================>------------ 60% | ETA: 23s
====================>---------- 65% | ETA: 20s
=====================>--------- 71% | ETA: 17s
=======================>------- 76% | ETA: 14s
========================>------ 80% | ETA: 12s
==========================>---- 86% | ETA: 8s
============================>-- 92% | ETA: 5s
=============================>- 97% | ETA: 2s
> Waiting 15s for retry backoff
[ FAIL 1 | WARN 1 | SKIP 9 | PASS 35 ]
══ Skipped tests (9) ═══════════════════════════════════════════════════════════
• On CRAN (9): 'test-bfs_download_geodata.R:6:3',
'test-bfs_get_base_maps.R:5:3', 'test-bfs_get_base_maps.R:15:3',
'test-bfs_get_base_maps.R:25:3', 'test-bfs_get_base_maps.R:35:3',
'test-bfs_get_base_maps.R:45:3', 'test-bfs_get_base_maps.R:53:3',
'test-bfs_get_base_maps.R:63:3', 'test-bfs_get_base_maps.R:73:3'
══ Failed tests ════════════════════════════════════════════════════════════════
── Error ('test-bfs_get_data.R:17:3'): bfs_get_data() query argument ───────────
<http_429/http_400/http_error/error/condition>
Error in `pxweb_advanced_get(url = url, query = query, verbose = verbose)`: Too Many Requests (RFC 6585) (HTTP 429).
Backtrace:
▆
1. └─BFS::bfs_get_data(...) at test-bfs_get_data.R:17:3
2. └─pxweb::pxweb_get_data(...)
3. └─pxweb::pxweb_advanced_get(url = url, query = query, verbose = verbose)
4. └─pxweb::pxweb_get(px)
5. └─pxweb::pxweb_advanced_get(url = url, query = query, verbose = verbose)
6. └─httr::stop_for_status(r)
[ FAIL 1 | WARN 1 | SKIP 9 | PASS 35 ]
Error: Test failures
Execution halted
Flavor: r-oldrel-windows-x86_64