CRAN Package Check Results for Package BsMD

Last updated on 2025-10-05 05:49:28 CEST.

Flavor Version Tinstall Tcheck Ttotal Status Flags
r-devel-linux-x86_64-debian-clang 2023.920 5.50 40.46 45.96 NOTE
r-devel-linux-x86_64-debian-gcc 2023.920 3.77 31.07 34.84 NOTE
r-devel-linux-x86_64-fedora-clang 2023.920 67.48 OK
r-devel-linux-x86_64-fedora-gcc 2023.920 77.96 OK
r-devel-windows-x86_64 2023.920 8.00 74.00 82.00 OK
r-patched-linux-x86_64 2023.920 5.31 37.80 43.11 OK
r-release-linux-x86_64 2023.920 4.25 37.64 41.89 OK
r-release-macos-arm64 2023.920 33.00 OK
r-release-macos-x86_64 2023.920 62.00 OK
r-release-windows-x86_64 2023.920 8.00 80.00 88.00 OK
r-oldrel-macos-arm64 2023.920 34.00 OK
r-oldrel-macos-x86_64 2023.920 47.00 OK
r-oldrel-windows-x86_64 2023.920 8.00 75.00 83.00 OK

Check Details

Version: 2023.920
Check: CRAN incoming feasibility
Result: NOTE Maintainer: ‘Ernesto Barrios <ebarrios@itam.mx>’ No Authors@R field in DESCRIPTION. Please add one, modifying Authors@R: c(person(given = c("Ernesto", "Barrios", "based", "on", "Daniel", "Meyer's"), family = "code.", role = "aut"), person(given = "Ernesto", family = "Barrios", role = "cre", email = "ebarrios@itam.mx")) as necessary. Flavors: r-devel-linux-x86_64-debian-clang, r-devel-linux-x86_64-debian-gcc