CRAN Package Check Results for Package CureAuxSP

Last updated on 2025-05-21 05:51:48 CEST.

Flavor Version Tinstall Tcheck Ttotal Status Flags
r-devel-linux-x86_64-debian-clang 0.0.1 2.70 26.66 29.36 OK
r-devel-linux-x86_64-debian-gcc 0.0.1 1.55 20.76 22.31 OK
r-devel-linux-x86_64-fedora-clang 0.0.1 47.33 NOTE
r-devel-linux-x86_64-fedora-gcc 0.0.1 43.38 NOTE
r-devel-windows-x86_64 0.0.1 4.00 47.00 51.00 OK
r-patched-linux-x86_64 0.0.1 2.82 25.37 28.19 OK
r-release-linux-x86_64 0.0.1 2.64 24.78 27.42 OK
r-release-macos-arm64 0.0.1 5.00 ERROR
r-release-macos-x86_64 0.0.1 6.00 ERROR
r-release-windows-x86_64 0.0.1 5.00 57.00 62.00 OK
r-oldrel-macos-arm64 0.0.1 10.00 ERROR
r-oldrel-macos-x86_64 0.0.1 11.00 ERROR
r-oldrel-windows-x86_64 0.0.1 6.00 51.00 57.00 OK

Check Details

Version: 0.0.1
Check: dependencies in R code
Result: NOTE Namespace in Imports field not imported from: ‘TCGAbiolinks’ All declared Imports should be used. Flavors: r-devel-linux-x86_64-fedora-clang, r-devel-linux-x86_64-fedora-gcc

Version: 0.0.1
Check: package dependencies
Result: ERROR Package required but not available: ‘TCGAbiolinks’ See section ‘The DESCRIPTION file’ in the ‘Writing R Extensions’ manual. Flavors: r-release-macos-arm64, r-release-macos-x86_64, r-oldrel-macos-arm64, r-oldrel-macos-x86_64