Last updated on 2025-05-21 05:51:49 CEST.
Flavor | Version | Tinstall | Tcheck | Ttotal | Status | Flags |
---|---|---|---|---|---|---|
r-devel-linux-x86_64-debian-clang | 2.3 | 31.25 | 294.82 | 326.07 | NOTE | |
r-devel-linux-x86_64-debian-gcc | 2.3 | 23.91 | 190.49 | 214.40 | NOTE | |
r-devel-linux-x86_64-fedora-clang | 2.3 | 527.52 | OK | |||
r-devel-linux-x86_64-fedora-gcc | 2.3 | 527.91 | OK | |||
r-devel-windows-x86_64 | 2.3 | 29.00 | 226.00 | 255.00 | OK | |
r-patched-linux-x86_64 | 2.3 | 28.63 | 275.98 | 304.61 | OK | |
r-release-linux-x86_64 | 2.3 | 32.66 | 277.01 | 309.67 | OK | |
r-release-macos-arm64 | 2.3 | 120.00 | OK | |||
r-release-macos-x86_64 | 2.3 | 255.00 | OK | |||
r-release-windows-x86_64 | 2.3 | 30.00 | 225.00 | 255.00 | OK | |
r-oldrel-macos-arm64 | 2.3 | 119.00 | OK | |||
r-oldrel-macos-x86_64 | 2.3 | 190.00 | OK | |||
r-oldrel-windows-x86_64 | 2.3 | 44.00 | 313.00 | 357.00 | OK |
Version: 2.3
Check: CRAN incoming feasibility
Result: NOTE
Maintainer: ‘Alvaro Briz-Redon <alvaro.briz@uv.es>’
No Authors@R field in DESCRIPTION.
Please add one, modifying
Authors@R: person(given = "Alvaro",
family = "Briz-Redon",
role = c("aut", "cre"),
email = "alvaro.briz@uv.es")
as necessary.
Flavors: r-devel-linux-x86_64-debian-clang, r-devel-linux-x86_64-debian-gcc