CRAN Package Check Results for Package Distributacalcul

Last updated on 2025-05-21 05:51:49 CEST.

Flavor Version Tinstall Tcheck Ttotal Status Flags
r-devel-linux-x86_64-debian-clang 0.4.0 4.63 35.13 39.76 OK
r-devel-linux-x86_64-debian-gcc 0.4.0 2.69 26.15 28.84 OK
r-devel-linux-x86_64-fedora-clang 0.4.0 60.03 NOTE
r-devel-linux-x86_64-fedora-gcc 0.4.0 58.04 NOTE
r-devel-windows-x86_64 0.4.0 6.00 60.00 66.00 OK
r-patched-linux-x86_64 0.4.0 4.95 31.65 36.60 OK
r-release-linux-x86_64 0.4.0 4.69 31.91 36.60 OK
r-release-macos-arm64 0.4.0 26.00 OK
r-release-macos-x86_64 0.4.0 39.00 OK
r-release-windows-x86_64 0.4.0 8.00 60.00 68.00 OK
r-oldrel-macos-arm64 0.4.0 22.00 OK
r-oldrel-macos-x86_64 0.4.0 31.00 OK
r-oldrel-windows-x86_64 0.4.0 7.00 66.00 73.00 OK

Check Details

Version: 0.4.0
Check: dependencies in R code
Result: NOTE Namespaces in Imports field not imported from: ‘dplyr’ ‘rlang’ All declared Imports should be used. Flavors: r-devel-linux-x86_64-fedora-clang, r-devel-linux-x86_64-fedora-gcc