Last updated on 2025-10-05 05:49:33 CEST.
Flavor | Version | Tinstall | Tcheck | Ttotal | Status | Flags |
---|---|---|---|---|---|---|
r-devel-linux-x86_64-debian-clang | 1.0.0 | 10.75 | 261.76 | 272.51 | NOTE | |
r-devel-linux-x86_64-debian-gcc | 1.0.0 | 9.22 | 115.95 | 125.17 | NOTE | |
r-devel-linux-x86_64-fedora-clang | 1.0.0 | 340.41 | NOTE | |||
r-devel-linux-x86_64-fedora-gcc | 1.0.0 | 323.39 | NOTE | |||
r-devel-windows-x86_64 | 1.0.0 | 12.00 | 174.00 | 186.00 | NOTE | |
r-patched-linux-x86_64 | 1.0.0 | 12.50 | 177.18 | 189.68 | NOTE | |
r-release-linux-x86_64 | 1.0.0 | 11.97 | 165.59 | 177.56 | NOTE | |
r-release-macos-arm64 | 1.0.0 | 99.00 | NOTE | |||
r-release-macos-x86_64 | 1.0.0 | 181.00 | NOTE | |||
r-release-windows-x86_64 | 1.0.0 | 12.00 | 180.00 | 192.00 | NOTE | |
r-oldrel-macos-arm64 | 1.0.0 | 71.00 | OK | |||
r-oldrel-macos-x86_64 | 1.0.0 | 118.00 | OK | |||
r-oldrel-windows-x86_64 | 1.0.0 | 19.00 | 1767.00 | 1786.00 | OK |
Version: 1.0.0
Check: DESCRIPTION meta-information
Result: NOTE
Missing dependency on R >= 4.1.0 because package code uses the pipe
|> or function shorthand \(...) syntax added in R 4.1.0.
File(s) using such syntax:
‘utility_fSACF.R’
Flavors: r-devel-linux-x86_64-debian-clang, r-devel-linux-x86_64-debian-gcc, r-devel-linux-x86_64-fedora-clang, r-devel-linux-x86_64-fedora-gcc, r-devel-windows-x86_64, r-patched-linux-x86_64, r-release-linux-x86_64, r-release-macos-arm64, r-release-macos-x86_64, r-release-windows-x86_64