Last updated on 2025-05-21 05:51:50 CEST.
Flavor | Version | Tinstall | Tcheck | Ttotal | Status | Flags |
---|---|---|---|---|---|---|
r-devel-linux-x86_64-debian-clang | 1.4.2 | 451.13 | 108.94 | 560.07 | OK | |
r-devel-linux-x86_64-debian-gcc | 1.4.2 | 350.73 | 115.87 | 466.60 | OK | |
r-devel-linux-x86_64-fedora-clang | 1.4.2 | 964.68 | OK | |||
r-devel-linux-x86_64-fedora-gcc | 1.4.2 | 1253.39 | OK | |||
r-devel-windows-x86_64 | 1.4.2 | 442.00 | 186.00 | 628.00 | OK | |
r-patched-linux-x86_64 | 1.4.2 | 456.57 | 153.61 | 610.18 | OK | |
r-release-linux-x86_64 | 1.4.2 | 457.86 | 152.69 | 610.55 | OK | |
r-release-macos-arm64 | 1.4.2 | 213.00 | OK | |||
r-release-macos-x86_64 | 1.4.2 | 222.00 | OK | |||
r-release-windows-x86_64 | 1.4.2 | 443.00 | 184.00 | 627.00 | OK | |
r-oldrel-macos-arm64 | 1.4.2 | 222.00 | NOTE | |||
r-oldrel-macos-x86_64 | 1.4.2 | 190.00 | NOTE | |||
r-oldrel-windows-x86_64 | 1.4.2 | 526.00 | 215.00 | 741.00 | OK |
Version: 1.4.2
Check: installed package size
Result: NOTE
installed size is 50.2Mb
sub-directories of 1Mb or more:
libs 49.8Mb
Flavors: r-oldrel-macos-arm64, r-oldrel-macos-x86_64