Last updated on 2025-05-21 05:51:51 CEST.
Flavor | Version | Tinstall | Tcheck | Ttotal | Status | Flags |
---|---|---|---|---|---|---|
r-devel-linux-x86_64-debian-clang | 1.1.4 | 130.94 | 77.42 | 208.36 | OK | |
r-devel-linux-x86_64-debian-gcc | 1.1.4 | 119.58 | 55.78 | 175.36 | OK | |
r-devel-linux-x86_64-fedora-clang | 1.1.4 | 392.29 | OK | |||
r-devel-linux-x86_64-fedora-gcc | 1.1.4 | 516.03 | OK | |||
r-devel-windows-x86_64 | 1.1.4 | 184.00 | 126.00 | 310.00 | OK | |
r-patched-linux-x86_64 | 1.1.4 | 165.13 | 75.16 | 240.29 | OK | |
r-release-linux-x86_64 | 1.1.4 | 165.60 | 75.48 | 241.08 | OK | |
r-release-macos-arm64 | 1.1.4 | 106.00 | OK | |||
r-release-macos-x86_64 | 1.1.4 | 135.00 | OK | |||
r-release-windows-x86_64 | 1.1.4 | 188.00 | 129.00 | 317.00 | OK | |
r-oldrel-macos-arm64 | 1.1.4 | 97.00 | NOTE | |||
r-oldrel-macos-x86_64 | 1.1.4 | 107.00 | NOTE | |||
r-oldrel-windows-x86_64 | 1.1.4 | 213.00 | 158.00 | 371.00 | NOTE |
Version: 1.1.4
Check: installed package size
Result: NOTE
installed size is 29.9Mb
sub-directories of 1Mb or more:
lib 10.6Mb
libs 18.9Mb
Flavors: r-oldrel-macos-arm64, r-oldrel-macos-x86_64, r-oldrel-windows-x86_64