Last updated on 2025-10-05 05:49:33 CEST.
Flavor | Version | Tinstall | Tcheck | Ttotal | Status | Flags |
---|---|---|---|---|---|---|
r-devel-linux-x86_64-debian-clang | 1.3 | 17.82 | 125.68 | 143.50 | NOTE | |
r-devel-linux-x86_64-debian-gcc | 1.3 | 12.19 | 87.62 | 99.81 | NOTE | |
r-devel-linux-x86_64-fedora-clang | 1.3 | 219.98 | OK | |||
r-devel-linux-x86_64-fedora-gcc | 1.3 | 205.00 | OK | |||
r-devel-windows-x86_64 | 1.3 | 20.00 | 128.00 | 148.00 | OK | |
r-patched-linux-x86_64 | 1.3 | 15.14 | 116.43 | 131.57 | OK | |
r-release-linux-x86_64 | 1.3 | 15.95 | 117.22 | 133.17 | OK | |
r-release-macos-arm64 | 1.3 | 51.00 | OK | |||
r-release-macos-x86_64 | 1.3 | 103.00 | OK | |||
r-release-windows-x86_64 | 1.3 | 19.00 | 124.00 | 143.00 | OK | |
r-oldrel-macos-arm64 | 1.3 | 55.00 | OK | |||
r-oldrel-macos-x86_64 | 1.3 | 80.00 | OK | |||
r-oldrel-windows-x86_64 | 1.3 | 27.00 | 161.00 | 188.00 | OK |
Version: 1.3
Check: CRAN incoming feasibility
Result: NOTE
Maintainer: ‘Philippe Courcoux <philippe.courcoux@oniris-nantes.fr>’
No Authors@R field in DESCRIPTION.
Please add one, modifying
Authors@R: person(given = "Philippe",
family = "Courcoux",
role = c("aut", "cre"),
email = "philippe.courcoux@oniris-nantes.fr")
as necessary.
Flavors: r-devel-linux-x86_64-debian-clang, r-devel-linux-x86_64-debian-gcc