Last updated on 2025-10-04 05:49:48 CEST.
Flavor | Version | Tinstall | Tcheck | Ttotal | Status | Flags |
---|---|---|---|---|---|---|
r-devel-linux-x86_64-debian-clang | 2.0.1 | 83.07 | 54.41 | 137.48 | OK | |
r-devel-linux-x86_64-debian-gcc | 2.0.1 | 75.21 | 41.45 | 116.66 | OK | |
r-devel-linux-x86_64-fedora-clang | 2.0.1 | 203.24 | OK | |||
r-devel-linux-x86_64-fedora-gcc | 2.0.1 | 195.95 | OK | |||
r-devel-windows-x86_64 | 2.0.0 | 90.00 | 94.00 | 184.00 | OK | |
r-patched-linux-x86_64 | 2.0.0 | 99.43 | 54.53 | 153.96 | OK | |
r-release-linux-x86_64 | 2.0.0 | 97.01 | 53.80 | 150.81 | OK | |
r-release-macos-arm64 | 2.0.0 | 63.00 | OK | |||
r-release-macos-x86_64 | 2.0.1 | 143.00 | OK | |||
r-release-windows-x86_64 | 2.0.0 | 93.00 | 91.00 | 184.00 | OK | |
r-oldrel-macos-arm64 | 2.0.0 | 61.00 | NOTE | |||
r-oldrel-macos-x86_64 | 2.0.1 | 155.00 | NOTE | |||
r-oldrel-windows-x86_64 | 2.0.1 | 68.00 | 115.00 | 183.00 | NOTE |
Version: 2.0.0
Check: installed package size
Result: NOTE
installed size is 46.8Mb
sub-directories of 1Mb or more:
libs 46.1Mb
Flavor: r-oldrel-macos-arm64
Version: 2.0.1
Check: installed package size
Result: NOTE
installed size is 46.9Mb
sub-directories of 1Mb or more:
libs 46.2Mb
Flavors: r-oldrel-macos-x86_64, r-oldrel-windows-x86_64