Last updated on 2025-05-21 05:51:53 CEST.
Flavor | Version | Tinstall | Tcheck | Ttotal | Status | Flags |
---|---|---|---|---|---|---|
r-devel-linux-x86_64-debian-clang | 0.3.4 | 16.11 | 87.33 | 103.44 | NOTE | |
r-devel-linux-x86_64-debian-gcc | 0.3.4 | 10.40 | 61.39 | 71.79 | NOTE | |
r-devel-linux-x86_64-fedora-clang | 0.3.4 | 162.52 | OK | |||
r-devel-linux-x86_64-fedora-gcc | 0.3.4 | 150.50 | OK | |||
r-devel-windows-x86_64 | 0.3.4 | 18.00 | 93.00 | 111.00 | OK | |
r-patched-linux-x86_64 | 0.3.4 | 16.18 | 80.71 | 96.89 | OK | |
r-release-linux-x86_64 | 0.3.4 | 14.86 | 80.72 | 95.58 | OK | |
r-release-macos-arm64 | 0.3.4 | 49.00 | OK | |||
r-release-macos-x86_64 | 0.3.4 | 80.00 | OK | |||
r-release-windows-x86_64 | 0.3.4 | 18.00 | 92.00 | 110.00 | OK | |
r-oldrel-macos-arm64 | 0.3.4 | 42.00 | OK | |||
r-oldrel-macos-x86_64 | 0.3.4 | 67.00 | OK | |||
r-oldrel-windows-x86_64 | 0.3.4 | 24.00 | 113.00 | 137.00 | OK |
Version: 0.3.4
Check: CRAN incoming feasibility
Result: NOTE
Maintainer: ‘Jean-Luc Lipatz <jllipatz@protonmail.com>’
No Authors@R field in DESCRIPTION.
Please add one, modifying
Authors@R: c(person(given = "Jean-Luc",
family = "Lipatz",
role = c("aut", "cre"),
email = "jllipatz@protonmail.com"),
person(given = "Bernard",
family = "Gestin",
role = "ctb"))
as necessary.
Flavors: r-devel-linux-x86_64-debian-clang, r-devel-linux-x86_64-debian-gcc