CRAN Package Check Results for Package INTRIGUE

Last updated on 2025-10-04 05:49:50 CEST.

Flavor Version Tinstall Tcheck Ttotal Status Flags
r-devel-linux-x86_64-debian-clang 0.1.0 2.43 27.62 30.05 OK
r-devel-linux-x86_64-debian-gcc 0.1.0 2.03 20.59 22.62 OK
r-devel-linux-x86_64-fedora-clang 0.1.0 44.11 NOTE
r-devel-linux-x86_64-fedora-gcc 0.1.0 42.43 NOTE
r-devel-windows-x86_64 0.1.0 5.00 45.00 50.00 OK
r-patched-linux-x86_64 0.1.0 2.69 25.40 28.09 OK
r-release-linux-x86_64 0.1.0 2.50 25.48 27.98 OK
r-release-macos-arm64 0.1.0 24.00 OK
r-release-macos-x86_64 0.1.0 31.00 OK
r-release-windows-x86_64 0.1.0 5.00 46.00 51.00 OK
r-oldrel-macos-arm64 0.1.0 18.00 OK
r-oldrel-macos-x86_64 0.1.0 28.00 OK
r-oldrel-windows-x86_64 0.1.0 7.00 52.00 59.00 OK

Check Details

Version: 0.1.0
Check: dependencies in R code
Result: NOTE Namespace in Imports field not imported from: ‘dplyr’ All declared Imports should be used. Flavors: r-devel-linux-x86_64-fedora-clang, r-devel-linux-x86_64-fedora-gcc