Last updated on 2025-10-05 05:49:35 CEST.
Flavor | Version | Tinstall | Tcheck | Ttotal | Status | Flags |
---|---|---|---|---|---|---|
r-devel-linux-x86_64-debian-clang | 0.1.0 | 9.54 | 86.94 | 96.48 | WARN | |
r-devel-linux-x86_64-debian-gcc | 0.1.0 | 7.86 | 63.26 | 71.12 | WARN | |
r-devel-linux-x86_64-fedora-clang | 0.1.0 | 147.89 | WARN | |||
r-devel-linux-x86_64-fedora-gcc | 0.1.0 | 132.39 | WARN | |||
r-devel-windows-x86_64 | 0.1.0 | 11.00 | 88.00 | 99.00 | WARN | |
r-patched-linux-x86_64 | 0.1.0 | 9.26 | 81.18 | 90.44 | WARN | |
r-release-linux-x86_64 | 0.1.0 | 8.64 | 82.45 | 91.09 | WARN | |
r-release-macos-arm64 | 0.1.0 | 39.00 | OK | |||
r-release-macos-x86_64 | 0.1.0 | 67.00 | OK | |||
r-release-windows-x86_64 | 0.1.0 | 11.00 | 90.00 | 101.00 | WARN | |
r-oldrel-macos-arm64 | 0.1.0 | 36.00 | OK | |||
r-oldrel-macos-x86_64 | 0.1.0 | 57.00 | OK | |||
r-oldrel-windows-x86_64 | 0.1.0 | 15.00 | 107.00 | 122.00 | WARN |
Version: 0.1.0
Check: whether package can be installed
Result: WARN
Found the following significant warnings:
Warning: replacing previous import ‘e1071::element’ by ‘ggplot2::element’ when loading ‘ImHD’
Flavors: r-devel-linux-x86_64-debian-clang, r-devel-linux-x86_64-debian-gcc, r-devel-linux-x86_64-fedora-clang, r-devel-linux-x86_64-fedora-gcc, r-devel-windows-x86_64, r-patched-linux-x86_64, r-release-linux-x86_64, r-release-windows-x86_64, r-oldrel-windows-x86_64