CRAN Package Check Results for Package IrishDirectorates

Last updated on 2025-10-05 05:49:36 CEST.

Flavor Version Tinstall Tcheck Ttotal Status Flags
r-devel-linux-x86_64-debian-clang 1.4 53.98 30.04 84.02 WARN
r-devel-linux-x86_64-debian-gcc 1.4 30.11 22.89 53.00 WARN
r-devel-linux-x86_64-fedora-clang 1.4 157.80 NOTE
r-devel-linux-x86_64-fedora-gcc 1.4 130.43 NOTE
r-devel-windows-x86_64 1.4 66.00 78.00 144.00 NOTE
r-patched-linux-x86_64 1.4 50.46 28.47 78.93 NOTE
r-release-linux-x86_64 1.4 50.70 28.87 79.57 NOTE
r-release-macos-arm64 1.4 37.00 NOTE
r-release-macos-x86_64 1.4 57.00 NOTE
r-release-windows-x86_64 1.4 63.00 76.00 139.00 NOTE
r-oldrel-macos-arm64 1.4 39.00 NOTE
r-oldrel-macos-x86_64 1.4 44.00 NOTE
r-oldrel-windows-x86_64 1.4 76.00 82.00 158.00 NOTE

Check Details

Version: 1.4
Check: whether package can be installed
Result: WARN Found the following significant warnings: /home/hornik/tmp/R.check/r-devel-clang/Work/build/Packages/RcppArmadillo/include/RcppArmadillo/version/arma.h:66:17: warning: Using fallback compilation with Armadillo 14.6.3. Please consider defining -DARMA_USE_CURRENT and also removing C++11 compilation directive. See GitHub issue #475 for more. [-W#pragma-messages] See ‘/home/hornik/tmp/R.check/r-devel-clang/Work/PKGS/IrishDirectorates.Rcheck/00install.out’ for details. * used C++ compiler: ‘Debian clang version 19.1.7 (3+b2)’ Flavor: r-devel-linux-x86_64-debian-clang

Version: 1.4
Check: C++ specification
Result: NOTE Specified C++11: please drop specification unless essential Flavors: r-devel-linux-x86_64-debian-clang, r-devel-linux-x86_64-debian-gcc, r-devel-linux-x86_64-fedora-clang, r-devel-linux-x86_64-fedora-gcc, r-devel-windows-x86_64, r-patched-linux-x86_64, r-release-linux-x86_64, r-release-macos-arm64, r-release-macos-x86_64, r-release-windows-x86_64, r-oldrel-macos-arm64, r-oldrel-macos-x86_64, r-oldrel-windows-x86_64

Version: 1.4
Check: whether package can be installed
Result: WARN Found the following significant warnings: /home/hornik/tmp/R.check/r-devel-gcc/Work/build/Packages/RcppArmadillo/include/RcppArmadillo/version/arma.h:66:199: note: ‘#pragma message: Using fallback compilation with Armadillo 14.6.3. Please consider defining -DARMA_USE_CURRENT and also removing C++11 compilation directive. See GitHub issue #475 for more.’ See ‘/home/hornik/tmp/R.check/r-devel-gcc/Work/PKGS/IrishDirectorates.Rcheck/00install.out’ for details. * used C++ compiler: ‘g++-15 (Debian 15.2.0-4) 15.2.0’ Flavor: r-devel-linux-x86_64-debian-gcc