Last updated on 2025-05-21 05:51:57 CEST.
Flavor | Version | Tinstall | Tcheck | Ttotal | Status | Flags |
---|---|---|---|---|---|---|
r-devel-linux-x86_64-debian-clang | 1.1.8 | 18.08 | 447.78 | 465.86 | OK | |
r-devel-linux-x86_64-debian-gcc | 1.1.8 | 12.38 | 334.46 | 346.84 | OK | |
r-devel-linux-x86_64-fedora-clang | 1.1.8 | 739.74 | NOTE | |||
r-devel-linux-x86_64-fedora-gcc | 1.1.8 | 813.32 | NOTE | |||
r-devel-windows-x86_64 | 1.1.8 | 19.00 | 441.00 | 460.00 | OK | |
r-patched-linux-x86_64 | 1.1.8 | 16.21 | 482.62 | 498.83 | OK | |
r-release-linux-x86_64 | 1.1.8 | 16.32 | 486.14 | 502.46 | OK | |
r-release-macos-arm64 | 1.1.8 | 219.00 | OK | |||
r-release-macos-x86_64 | 1.1.8 | 449.00 | OK | |||
r-release-windows-x86_64 | 1.1.8 | 20.00 | 436.00 | 456.00 | OK | |
r-oldrel-macos-arm64 | 1.1.8 | 141.00 | OK | |||
r-oldrel-macos-x86_64 | 1.1.8 | 267.00 | OK | |||
r-oldrel-windows-x86_64 | 1.1.8 | 25.00 | 603.00 | 628.00 | OK |
Version: 1.1.8
Check: dependencies in R code
Result: NOTE
Namespaces in Imports field not imported from:
‘Kendall’ ‘perm’
All declared Imports should be used.
Flavors: r-devel-linux-x86_64-fedora-clang, r-devel-linux-x86_64-fedora-gcc