Last updated on 2025-10-05 05:49:40 CEST.
Flavor | Version | Tinstall | Tcheck | Ttotal | Status | Flags |
---|---|---|---|---|---|---|
r-devel-linux-x86_64-debian-clang | 1.0 | 10.93 | 110.95 | 121.88 | NOTE | |
r-devel-linux-x86_64-debian-gcc | 1.0 | 7.17 | 76.02 | 83.19 | NOTE | |
r-devel-linux-x86_64-fedora-clang | 1.0 | 203.76 | OK | |||
r-devel-linux-x86_64-fedora-gcc | 1.0 | 197.49 | OK | |||
r-devel-windows-x86_64 | 1.0 | 12.00 | 114.00 | 126.00 | OK | |
r-patched-linux-x86_64 | 1.0 | 9.56 | 103.33 | 112.89 | OK | |
r-release-linux-x86_64 | 1.0 | 9.86 | 104.27 | 114.13 | OK | |
r-release-macos-arm64 | 1.0 | 53.00 | OK | |||
r-release-macos-x86_64 | 1.0 | 108.00 | OK | |||
r-release-windows-x86_64 | 1.0 | 11.00 | 113.00 | 124.00 | OK | |
r-oldrel-macos-arm64 | 1.0 | 50.00 | OK | |||
r-oldrel-macos-x86_64 | 1.0 | 95.00 | OK | |||
r-oldrel-windows-x86_64 | 1.0 | 16.00 | 139.00 | 155.00 | OK |
Version: 1.0
Check: CRAN incoming feasibility
Result: NOTE
Maintainer: ‘Marina Gomtsyan <mgomtsian@gmail.com>’
The Description field contains
<arXiv:2307.00929>.
Please refer to arXiv e-prints via their arXiv DOI <doi:10.48550/arXiv.YYMM.NNNNN>.
Flavors: r-devel-linux-x86_64-debian-clang, r-devel-linux-x86_64-debian-gcc