Last updated on 2025-05-21 05:51:58 CEST.
Flavor | Version | Tinstall | Tcheck | Ttotal | Status | Flags |
---|---|---|---|---|---|---|
r-devel-linux-x86_64-debian-clang | 11.3 | 36.66 | 173.01 | 209.67 | OK | |
r-devel-linux-x86_64-debian-gcc | 11.3 | 27.70 | 117.11 | 144.81 | OK | |
r-devel-linux-x86_64-fedora-clang | 11.3 | 341.28 | OK | |||
r-devel-linux-x86_64-fedora-gcc | 11.3 | 336.52 | OK | |||
r-devel-windows-x86_64 | 11.3 | 52.00 | 172.00 | 224.00 | OK | |
r-patched-linux-x86_64 | 11.3 | 42.20 | 146.88 | 189.08 | OK | |
r-release-linux-x86_64 | 11.3 | 38.55 | 145.80 | 184.35 | OK | |
r-release-macos-arm64 | 11.3 | 92.00 | OK | |||
r-release-macos-x86_64 | 11.3 | 192.00 | OK | |||
r-release-windows-x86_64 | 11.3 | 55.00 | 180.00 | 235.00 | OK | |
r-oldrel-macos-arm64 | 11.3 | 94.00 | NOTE | |||
r-oldrel-macos-x86_64 | 11.3 | 182.00 | NOTE | |||
r-oldrel-windows-x86_64 | 11.3 | 66.00 | 212.00 | 278.00 | NOTE |
Version: 11.3
Check: for GNU extensions in Makefiles
Result: NOTE
GNU make is a SystemRequirements.
Flavors: r-oldrel-macos-arm64, r-oldrel-macos-x86_64, r-oldrel-windows-x86_64