CRAN Package Check Results for Package PredictionR

Last updated on 2025-10-05 05:49:42 CEST.

Flavor Version Tinstall Tcheck Ttotal Status Flags
r-devel-linux-x86_64-debian-clang 1.0-12 7.04 57.23 64.27 OK
r-devel-linux-x86_64-debian-gcc 1.0-12 5.20 42.64 47.84 OK
r-devel-linux-x86_64-fedora-clang 1.0-12 98.87 OK
r-devel-linux-x86_64-fedora-gcc 1.0-12 91.99 OK
r-devel-windows-x86_64 1.0-12 8.00 66.00 74.00 OK
r-patched-linux-x86_64 1.0-12 6.87 55.06 61.93 OK
r-release-linux-x86_64 1.0-12 6.41 54.29 60.70 OK
r-release-macos-arm64 1.0-12 34.00 OK
r-release-macos-x86_64 1.0-12 61.00 OK
r-release-windows-x86_64 1.0-12 8.00 67.00 75.00 OK
r-oldrel-macos-arm64 1.0-12 29.00 NOTE
r-oldrel-macos-x86_64 1.0-12 44.00 NOTE
r-oldrel-windows-x86_64 1.0-12 10.00 80.00 90.00 NOTE

Check Details

Version: 1.0-12
Check: LazyData
Result: NOTE 'LazyData' is specified without a 'data' directory Flavors: r-oldrel-macos-arm64, r-oldrel-macos-x86_64, r-oldrel-windows-x86_64