Last updated on 2025-05-21 05:52:01 CEST.
Flavor | Version | Tinstall | Tcheck | Ttotal | Status | Flags |
---|---|---|---|---|---|---|
r-devel-linux-x86_64-debian-clang | 1.8-2 | 178.77 | 206.13 | 384.90 | OK | |
r-devel-linux-x86_64-debian-gcc | 1.8-2 | 157.95 | 154.59 | 312.54 | OK | |
r-devel-linux-x86_64-fedora-clang | 1.8-2 | 589.04 | OK | |||
r-devel-linux-x86_64-fedora-gcc | 1.8-2 | 705.98 | OK | |||
r-devel-windows-x86_64 | 1.8-2 | 182.00 | 243.00 | 425.00 | OK | |
r-patched-linux-x86_64 | 1.8-2 | 201.05 | 211.03 | 412.08 | OK | |
r-release-linux-x86_64 | 1.8-2 | 198.50 | 211.39 | 409.89 | OK | |
r-release-macos-arm64 | 1.8-2 | 155.00 | OK | |||
r-release-macos-x86_64 | 1.8-2 | 377.00 | OK | |||
r-release-windows-x86_64 | 1.8-2 | 188.00 | 238.00 | 426.00 | OK | |
r-oldrel-macos-arm64 | 1.8-2 | 173.00 | NOTE | |||
r-oldrel-macos-x86_64 | 1.8-2 | 354.00 | NOTE | |||
r-oldrel-windows-x86_64 | 1.8-2 | 208.00 | 304.00 | 512.00 | NOTE |
Version: 1.8-2
Check: installed package size
Result: NOTE
installed size is 65.2Mb
sub-directories of 1Mb or more:
libs 63.9Mb
Flavors: r-oldrel-macos-arm64, r-oldrel-macos-x86_64
Version: 1.8-2
Check: for GNU extensions in Makefiles
Result: NOTE
GNU make is a SystemRequirements.
Flavors: r-oldrel-macos-arm64, r-oldrel-macos-x86_64, r-oldrel-windows-x86_64