Last updated on 2025-05-21 05:52:02 CEST.
Flavor | Version | Tinstall | Tcheck | Ttotal | Status | Flags |
---|---|---|---|---|---|---|
r-devel-linux-x86_64-debian-clang | 0.4.24 | 160.11 | 60.45 | 220.56 | OK | |
r-devel-linux-x86_64-debian-gcc | 0.4.24 | 126.40 | 46.12 | 172.52 | OK | |
r-devel-linux-x86_64-fedora-clang | 0.4.24 | 451.28 | OK | |||
r-devel-linux-x86_64-fedora-gcc | 0.4.24 | 493.49 | OK | |||
r-devel-windows-x86_64 | 0.4.24 | 350.00 | 163.00 | 513.00 | OK | |
r-patched-linux-x86_64 | 0.4.24 | 162.91 | 55.84 | 218.75 | OK | |
r-release-linux-x86_64 | 0.4.24 | 161.13 | 55.66 | 216.79 | OK | |
r-release-macos-arm64 | 0.4.24 | 91.00 | OK | |||
r-release-macos-x86_64 | 0.4.24 | 136.00 | OK | |||
r-release-windows-x86_64 | 0.4.24 | 346.00 | 206.00 | 552.00 | OK | |
r-oldrel-macos-arm64 | 0.4.24 | 128.00 | NOTE | |||
r-oldrel-macos-x86_64 | 0.4.24 | 216.00 | NOTE | |||
r-oldrel-windows-x86_64 | 0.4.24 | 308.00 | 182.00 | 490.00 | NOTE |
Version: 0.4.24
Check: installed package size
Result: NOTE
installed size is 33.6Mb
sub-directories of 1Mb or more:
libs 32.2Mb
Flavors: r-oldrel-macos-arm64, r-oldrel-macos-x86_64, r-oldrel-windows-x86_64