Last updated on 2025-10-04 05:49:59 CEST.
Flavor | Version | Tinstall | Tcheck | Ttotal | Status | Flags |
---|---|---|---|---|---|---|
r-devel-linux-x86_64-debian-clang | 0.1.5 | 6.82 | 41.62 | 48.44 | OK | |
r-devel-linux-x86_64-debian-gcc | 0.1.5 | 6.20 | 32.49 | 38.69 | OK | |
r-devel-linux-x86_64-fedora-clang | 0.1.5 | 80.98 | OK | |||
r-devel-linux-x86_64-fedora-gcc | 0.1.5 | 84.87 | OK | |||
r-devel-windows-x86_64 | 0.1.5 | 20.00 | 62.00 | 82.00 | OK | |
r-patched-linux-x86_64 | 0.1.5 | 7.46 | 38.23 | 45.69 | OK | |
r-release-linux-x86_64 | 0.1.2 | 6.38 | 36.24 | 42.62 | OK | |
r-release-macos-arm64 | 0.1.2 | 37.00 | OK | |||
r-release-macos-x86_64 | 0.1.5 | 135.00 | OK | |||
r-release-windows-x86_64 | 0.1.5 | 22.00 | 62.00 | 84.00 | OK | |
r-oldrel-macos-arm64 | 0.1.2 | 43.00 | NOTE | |||
r-oldrel-macos-x86_64 | 0.1.5 | 129.00 | NOTE | |||
r-oldrel-windows-x86_64 | 0.1.5 | 21.00 | 71.00 | 92.00 | NOTE |
Version: 0.1.2
Check: installed package size
Result: NOTE
installed size is 6.8Mb
sub-directories of 1Mb or more:
extdata 4.9Mb
help 1.4Mb
Flavor: r-oldrel-macos-arm64
Version: 0.1.5
Check: installed package size
Result: NOTE
installed size is 6.8Mb
sub-directories of 1Mb or more:
extdata 4.9Mb
help 1.4Mb
Flavors: r-oldrel-macos-x86_64, r-oldrel-windows-x86_64