CRAN Package Check Results for Package Rthingsboard

Last updated on 2025-05-21 05:52:03 CEST.

Flavor Version Tinstall Tcheck Ttotal Status Flags
r-devel-linux-x86_64-debian-clang 0.2.7 4.63 35.20 39.83 OK
r-devel-linux-x86_64-debian-gcc 0.2.7 3.22 25.99 29.21 OK
r-devel-linux-x86_64-fedora-clang 0.2.7 60.39 NOTE
r-devel-linux-x86_64-fedora-gcc 0.2.7 57.96 NOTE
r-devel-windows-x86_64 0.2.7 6.00 52.00 58.00 OK
r-patched-linux-x86_64 0.2.7 4.23 31.99 36.22 OK
r-release-linux-x86_64 0.2.7 3.65 31.97 35.62 OK
r-release-macos-arm64 0.2.7 22.00 OK
r-release-macos-x86_64 0.2.7 46.00 OK
r-release-windows-x86_64 0.2.7 6.00 53.00 59.00 OK
r-oldrel-macos-arm64 0.2.7 21.00 OK
r-oldrel-macos-x86_64 0.2.7 32.00 OK
r-oldrel-windows-x86_64 0.2.7 7.00 60.00 67.00 OK

Check Details

Version: 0.2.7
Check: dependencies in R code
Result: NOTE Namespaces in Imports field not imported from: ‘httr’ ‘logger’ All declared Imports should be used. Flavors: r-devel-linux-x86_64-fedora-clang, r-devel-linux-x86_64-fedora-gcc