Last updated on 2025-05-21 05:52:04 CEST.
Flavor | Version | Tinstall | Tcheck | Ttotal | Status | Flags |
---|---|---|---|---|---|---|
r-devel-linux-x86_64-debian-clang | 28.0-0.0 | 71.34 | 44.98 | 116.32 | OK | |
r-devel-linux-x86_64-debian-gcc | 28.0-0.0 | 51.83 | 32.75 | 84.58 | OK | |
r-devel-linux-x86_64-fedora-clang | 28.0-0.0 | 183.73 | OK | |||
r-devel-linux-x86_64-fedora-gcc | 28.0-0.0 | 195.67 | OK | |||
r-devel-windows-x86_64 | 28.0-0.0 | 65.00 | 64.00 | 129.00 | OK | |
r-patched-linux-x86_64 | 28.0-0.0 | 70.65 | 43.80 | 114.45 | OK | |
r-release-linux-x86_64 | 28.0-0.0 | 69.54 | 44.12 | 113.66 | OK | |
r-release-macos-arm64 | 28.0-0.0 | 87.00 | OK | |||
r-release-macos-x86_64 | 28.0-0.0 | 145.00 | OK | |||
r-release-windows-x86_64 | 28.0-0.0 | 64.00 | 64.00 | 128.00 | OK | |
r-oldrel-macos-arm64 | 28.0-0.0 | 88.00 | NOTE | |||
r-oldrel-macos-x86_64 | 28.0-0.0 | 236.00 | NOTE | |||
r-oldrel-windows-x86_64 | 28.0-0.0 | 74.00 | 71.00 | 145.00 | NOTE |
Version: 28.0-0.0
Check: installed package size
Result: NOTE
installed size is 7.6Mb
sub-directories of 1Mb or more:
data 7.5Mb
Flavors: r-oldrel-macos-arm64, r-oldrel-macos-x86_64, r-oldrel-windows-x86_64