Last updated on 2025-10-04 05:50:02 CEST.
Flavor | Version | Tinstall | Tcheck | Ttotal | Status | Flags |
---|---|---|---|---|---|---|
r-devel-linux-x86_64-debian-clang | 0.1.2 | 21.23 | 61.13 | 82.36 | OK | |
r-devel-linux-x86_64-debian-gcc | 0.1.2 | 22.01 | 43.08 | 65.09 | OK | |
r-devel-linux-x86_64-fedora-clang | 0.1.2 | 130.03 | NOTE | |||
r-devel-linux-x86_64-fedora-gcc | 0.1.2 | 135.14 | NOTE | |||
r-devel-windows-x86_64 | 0.1.2 | 26.00 | 79.00 | 105.00 | OK | |
r-patched-linux-x86_64 | 0.1.2 | 20.46 | 57.53 | 77.99 | OK | |
r-release-linux-x86_64 | 0.1.2 | 21.13 | 57.55 | 78.68 | OK | |
r-release-macos-arm64 | 0.1.2 | 55.00 | OK | |||
r-release-macos-x86_64 | 0.1.2 | 89.00 | OK | |||
r-release-windows-x86_64 | 0.1.2 | 26.00 | 79.00 | 105.00 | OK | |
r-oldrel-macos-arm64 | 0.1.2 | 51.00 | OK | |||
r-oldrel-macos-x86_64 | 0.1.2 | 73.00 | OK | |||
r-oldrel-windows-x86_64 | 0.1.2 | 31.00 | 96.00 | 127.00 | OK |
Version: 0.1.2
Check: dependencies in R code
Result: NOTE
Namespace in Imports field not imported from: ‘data.table’
All declared Imports should be used.
Flavors: r-devel-linux-x86_64-fedora-clang, r-devel-linux-x86_64-fedora-gcc