Last updated on 2025-05-21 05:52:07 CEST.
Flavor | Version | Tinstall | Tcheck | Ttotal | Status | Flags |
---|---|---|---|---|---|---|
r-devel-linux-x86_64-debian-clang | 0.1.0 | 14.37 | 105.75 | 120.12 | OK | |
r-devel-linux-x86_64-debian-gcc | 0.1.0 | 9.14 | 76.39 | 85.53 | OK | |
r-devel-linux-x86_64-fedora-clang | 0.1.0 | 185.77 | NOTE | |||
r-devel-linux-x86_64-fedora-gcc | 0.1.0 | 176.87 | NOTE | |||
r-devel-windows-x86_64 | 0.1.0 | 14.00 | 105.00 | 119.00 | OK | |
r-patched-linux-x86_64 | 0.1.0 | 12.45 | 99.88 | 112.33 | OK | |
r-release-linux-x86_64 | 0.1.0 | 10.84 | 98.02 | 108.86 | OK | |
r-release-macos-arm64 | 0.1.0 | 49.00 | OK | |||
r-release-macos-x86_64 | 0.1.0 | 106.00 | OK | |||
r-release-windows-x86_64 | 0.1.0 | 15.00 | 306.00 | 321.00 | OK | |
r-oldrel-macos-arm64 | 0.1.0 | 48.00 | OK | |||
r-oldrel-macos-x86_64 | 0.1.0 | 69.00 | OK | |||
r-oldrel-windows-x86_64 | 0.1.0 | 19.00 | 131.00 | 150.00 | OK |
Version: 0.1.0
Check: dependencies in R code
Result: NOTE
Namespaces in Imports field not imported from:
‘reticulate’ ‘tensorflow’
All declared Imports should be used.
Flavors: r-devel-linux-x86_64-fedora-clang, r-devel-linux-x86_64-fedora-gcc