Last updated on 2025-10-05 05:49:50 CEST.
Flavor | Version | Tinstall | Tcheck | Ttotal | Status | Flags |
---|---|---|---|---|---|---|
r-devel-linux-x86_64-debian-clang | 2.11.0 | 67.51 | 206.99 | 274.50 | OK | |
r-devel-linux-x86_64-debian-gcc | 2.11.0 | 45.63 | 146.05 | 191.68 | OK | |
r-devel-linux-x86_64-fedora-clang | 2.11.0 | 483.66 | OK | |||
r-devel-linux-x86_64-fedora-gcc | 2.11.0 | 492.96 | OK | |||
r-devel-windows-x86_64 | 2.11.0 | 82.00 | 237.00 | 319.00 | OK | |
r-patched-linux-x86_64 | 2.11.0 | 67.93 | 201.90 | 269.83 | OK | |
r-release-linux-x86_64 | 2.11.0 | 65.64 | 200.81 | 266.45 | OK | |
r-release-macos-arm64 | 2.10.1 | 116.00 | OK | |||
r-release-macos-x86_64 | 2.11.0 | 495.00 | OK | |||
r-release-windows-x86_64 | 2.11.0 | 66.00 | 218.00 | 284.00 | OK | |
r-oldrel-macos-arm64 | 2.10.1 | 122.00 | NOTE | |||
r-oldrel-macos-x86_64 | 2.11.0 | 518.00 | NOTE | |||
r-oldrel-windows-x86_64 | 2.11.0 | 95.00 | 303.00 | 398.00 | NOTE |
Version: 2.10.1
Check: package dependencies
Result: NOTE
Package suggested but not available for checking: ‘TreeDistData’
Flavor: r-oldrel-macos-arm64
Version: 2.10.1
Check: installed package size
Result: NOTE
installed size is 9.3Mb
sub-directories of 1Mb or more:
doc 4.9Mb
libs 3.8Mb
Flavor: r-oldrel-macos-arm64
Version: 2.11.0
Check: package dependencies
Result: NOTE
Packages suggested but not available for checking:
'rmarkdown', 'TreeDistData'
Flavor: r-oldrel-macos-x86_64
Version: 2.11.0
Check: installed package size
Result: NOTE
installed size is 6.1Mb
sub-directories of 1Mb or more:
doc 1.1Mb
libs 4.3Mb
Flavor: r-oldrel-macos-x86_64
Version: 2.11.0
Check: package dependencies
Result: NOTE
Package suggested but not available for checking: 'TreeDistData'
Flavor: r-oldrel-windows-x86_64