Last updated on 2025-10-05 05:49:26 CEST.
Flavor | Version | Tinstall | Tcheck | Ttotal | Status | Flags |
---|---|---|---|---|---|---|
r-devel-linux-x86_64-debian-clang | 1.1.1 | 4.91 | 69.33 | 74.24 | NOTE | |
r-devel-linux-x86_64-debian-gcc | 1.1.1 | 3.57 | 50.27 | 53.84 | NOTE | |
r-devel-linux-x86_64-fedora-clang | 1.1.1 | 107.50 | NOTE | |||
r-devel-linux-x86_64-fedora-gcc | 1.1.1 | 129.40 | NOTE | |||
r-devel-windows-x86_64 | 1.1.1 | 8.00 | 84.00 | 92.00 | NOTE | |
r-patched-linux-x86_64 | 1.1.1 | 4.92 | 64.59 | 69.51 | NOTE | |
r-release-linux-x86_64 | 1.1.1 | 4.64 | 64.11 | 68.75 | NOTE | |
r-release-macos-arm64 | 1.1.1 | 39.00 | NOTE | |||
r-release-macos-x86_64 | 1.1.1 | 73.00 | NOTE | |||
r-release-windows-x86_64 | 1.1.1 | 8.00 | 83.00 | 91.00 | NOTE | |
r-oldrel-macos-arm64 | 1.1.1 | 40.00 | NOTE | |||
r-oldrel-macos-x86_64 | 1.1.1 | 60.00 | NOTE | |||
r-oldrel-windows-x86_64 | 1.1.1 | 9.00 | 109.00 | 118.00 | NOTE |
Version: 1.1.1
Check: package subdirectories
Result: NOTE
Problems with news in ‘NEWS.md’:
No news entries found.
Flavors: r-devel-linux-x86_64-debian-clang, r-devel-linux-x86_64-debian-gcc, r-devel-linux-x86_64-fedora-clang, r-devel-linux-x86_64-fedora-gcc, r-devel-windows-x86_64, r-patched-linux-x86_64, r-release-linux-x86_64, r-release-macos-arm64, r-release-macos-x86_64, r-release-windows-x86_64, r-oldrel-macos-arm64, r-oldrel-macos-x86_64, r-oldrel-windows-x86_64