Last updated on 2025-05-21 05:51:45 CEST.
Flavor | Version | Tinstall | Tcheck | Ttotal | Status | Flags |
---|---|---|---|---|---|---|
r-devel-linux-x86_64-debian-clang | 3.3.1 | 27.86 | 169.14 | 197.00 | NOTE | |
r-devel-linux-x86_64-debian-gcc | 3.3.1 | 18.41 | 109.96 | 128.37 | NOTE | |
r-devel-linux-x86_64-fedora-clang | 3.3.1 | 304.20 | OK | |||
r-devel-linux-x86_64-fedora-gcc | 3.3.1 | 297.52 | OK | |||
r-devel-windows-x86_64 | 3.3.1 | 32.00 | 210.00 | 242.00 | NOTE | |
r-patched-linux-x86_64 | 3.3.1 | 28.97 | 157.66 | 186.63 | NOTE | |
r-release-linux-x86_64 | 3.3.1 | 24.45 | 160.51 | 184.96 | NOTE | |
r-release-macos-arm64 | 3.3.1 | 117.00 | OK | |||
r-release-macos-x86_64 | 3.3.1 | 165.00 | OK | |||
r-release-windows-x86_64 | 3.3.1 | 28.00 | 219.00 | 247.00 | NOTE | |
r-oldrel-macos-arm64 | 3.3.1 | 72.00 | NOTE | |||
r-oldrel-macos-x86_64 | 3.3.1 | 119.00 | NOTE | |||
r-oldrel-windows-x86_64 | 3.3.1 | 42.00 | 229.00 | 271.00 | NOTE |
Version: 3.3.1
Check: Rd cross-references
Result: NOTE
Found the following Rd file(s) with Rd \link{} targets missing package
anchors:
writeDataFrame.AromaUnitSignalBinaryFile.Rd: TabularTextFile
writeDataFrame.AromaUnitSignalBinarySet.Rd: TabularTextFileSet
writeDataFrame.AromaUnitTabularBinaryFile.Rd: TabularTextFile
Please provide package anchors for all Rd \link{} targets not in the
package itself and the base packages.
Flavors: r-devel-linux-x86_64-debian-clang, r-devel-linux-x86_64-debian-gcc, r-devel-windows-x86_64, r-patched-linux-x86_64, r-release-linux-x86_64, r-release-windows-x86_64
Version: 3.3.1
Check: package dependencies
Result: NOTE
Packages suggested but not available for checking:
'sfit', 'expectile', 'HaarSeg', 'mpcbs'
Flavors: r-oldrel-macos-arm64, r-oldrel-macos-x86_64, r-oldrel-windows-x86_64