Last updated on 2025-05-21 05:51:45 CEST.
Flavor | Version | Tinstall | Tcheck | Ttotal | Status | Flags |
---|---|---|---|---|---|---|
r-devel-linux-x86_64-debian-clang | 0.2.1 | 9.05 | 70.44 | 79.49 | NOTE | |
r-devel-linux-x86_64-debian-gcc | 0.2.1 | 6.24 | 56.53 | 62.77 | NOTE | |
r-devel-linux-x86_64-fedora-clang | 0.2.1 | 126.24 | NOTE | |||
r-devel-linux-x86_64-fedora-gcc | 0.2.1 | 138.56 | NOTE | |||
r-devel-windows-x86_64 | 0.2.1 | 10.00 | 94.00 | 104.00 | NOTE | |
r-patched-linux-x86_64 | 0.2.1 | 9.00 | 68.21 | 77.21 | NOTE | |
r-release-linux-x86_64 | 0.2.1 | 8.84 | 68.07 | 76.91 | NOTE | |
r-release-macos-arm64 | 0.2.1 | 83.00 | NOTE | |||
r-release-macos-x86_64 | 0.2.1 | 99.00 | NOTE | |||
r-release-windows-x86_64 | 0.2.1 | 10.00 | 95.00 | 105.00 | NOTE | |
r-oldrel-macos-arm64 | 0.2.1 | 51.00 | OK | |||
r-oldrel-macos-x86_64 | 0.2.1 | 97.00 | OK | |||
r-oldrel-windows-x86_64 | 0.2.1 | 13.00 | 99.00 | 112.00 | OK |
Version: 0.2.1
Check: DESCRIPTION meta-information
Result: NOTE
Missing dependency on R >= 4.2.0 because package code uses the pipe
placeholder syntax added in R 4.2.0.
File(s) using such syntax:
‘dexpfit.R’ ‘expfit.R’ ‘icarfit.R’ ‘logisticfit.R’
Flavors: r-devel-linux-x86_64-debian-clang, r-devel-linux-x86_64-debian-gcc, r-devel-linux-x86_64-fedora-clang, r-devel-linux-x86_64-fedora-gcc, r-devel-windows-x86_64, r-patched-linux-x86_64, r-release-linux-x86_64, r-release-macos-arm64, r-release-macos-x86_64, r-release-windows-x86_64