Last updated on 2025-05-21 05:51:46 CEST.
Flavor | Version | Tinstall | Tcheck | Ttotal | Status | Flags |
---|---|---|---|---|---|---|
r-devel-linux-x86_64-debian-clang | 0.1.9 | 13.87 | 40.55 | 54.42 | OK | |
r-devel-linux-x86_64-debian-gcc | 0.1.9 | 11.62 | 33.80 | 45.42 | OK | |
r-devel-linux-x86_64-fedora-clang | 0.1.9 | 87.08 | OK | |||
r-devel-linux-x86_64-fedora-gcc | 0.1.9 | 85.29 | OK | |||
r-patched-linux-x86_64 | 0.1.9 | 13.51 | 38.56 | 52.07 | OK | |
r-release-linux-x86_64 | 0.1.9 | 12.86 | 39.18 | 52.04 | OK | |
r-release-macos-arm64 | 0.1.9 | 5.00 | ERROR | |||
r-release-macos-x86_64 | 0.1.9 | 6.00 | ERROR | |||
r-oldrel-macos-arm64 | 0.1.9 | 10.00 | ERROR | |||
r-oldrel-macos-x86_64 | 0.1.9 | 11.00 | ERROR |
Version: 0.1.9
Check: package dependencies
Result: ERROR
Package required but not available: ‘Rmpi’
See section ‘The DESCRIPTION file’ in the ‘Writing R Extensions’
manual.
Flavors: r-release-macos-arm64, r-release-macos-x86_64, r-oldrel-macos-arm64, r-oldrel-macos-x86_64