CRAN Package Check Results for Package bigmds

Last updated on 2025-05-21 05:51:46 CEST.

Flavor Version Tinstall Tcheck Ttotal Status Flags
r-devel-linux-x86_64-debian-clang 3.0.0 2.36 30.75 33.11 NOTE
r-devel-linux-x86_64-debian-gcc 3.0.0 1.98 24.22 26.20 NOTE
r-devel-linux-x86_64-fedora-clang 3.0.0 50.27 OK
r-devel-linux-x86_64-fedora-gcc 3.0.0 49.10 OK
r-devel-windows-x86_64 3.0.0 4.00 66.00 70.00 OK
r-patched-linux-x86_64 3.0.0 2.51 29.11 31.62 OK
r-release-linux-x86_64 3.0.0 2.35 28.64 30.99 OK
r-release-macos-arm64 3.0.0 22.00 OK
r-release-macos-x86_64 3.0.0 44.00 OK
r-release-windows-x86_64 3.0.0 5.00 62.00 67.00 OK
r-oldrel-macos-arm64 3.0.0 24.00 OK
r-oldrel-macos-x86_64 3.0.0 37.00 OK
r-oldrel-windows-x86_64 3.0.0 3.00 60.00 63.00 OK

Check Details

Version: 3.0.0
Check: CRAN incoming feasibility
Result: NOTE Maintainer: ‘Cristian Pachón García <cc.pachon@gmail.com>’ The Description field contains proposed by Delicado P. and C. Pachón-García (2021) <arXiv:2007.11919> (2021) <arXiv:2007.11919> (original proposal). - Fast MDS, proposed by Please refer to arXiv e-prints via their arXiv DOI <doi:10.48550/arXiv.YYMM.NNNNN>. Flavors: r-devel-linux-x86_64-debian-clang, r-devel-linux-x86_64-debian-gcc