Last updated on 2025-10-05 05:49:28 CEST.
Flavor | Version | Tinstall | Tcheck | Ttotal | Status | Flags |
---|---|---|---|---|---|---|
r-devel-linux-x86_64-debian-clang | 1.3 | 10.17 | 76.16 | 86.33 | NOTE | |
r-devel-linux-x86_64-debian-gcc | 1.3 | 7.39 | 54.18 | 61.57 | NOTE | |
r-devel-linux-x86_64-fedora-clang | 1.3 | 134.82 | OK | |||
r-devel-linux-x86_64-fedora-gcc | 1.3 | 125.70 | OK | |||
r-devel-windows-x86_64 | 1.3 | 12.00 | 84.00 | 96.00 | OK | |
r-patched-linux-x86_64 | 1.3 | 9.59 | 71.67 | 81.26 | OK | |
r-release-linux-x86_64 | 1.3 | 8.52 | 70.99 | 79.51 | OK | |
r-release-macos-arm64 | 1.3 | 42.00 | OK | |||
r-release-macos-x86_64 | 1.3 | 81.00 | OK | |||
r-release-windows-x86_64 | 1.3 | 12.00 | 85.00 | 97.00 | OK | |
r-oldrel-macos-arm64 | 1.3 | 37.00 | OK | |||
r-oldrel-macos-x86_64 | 1.3 | 62.00 | OK | |||
r-oldrel-windows-x86_64 | 1.3 | 15.00 | 101.00 | 116.00 | OK |
Version: 1.3
Check: CRAN incoming feasibility
Result: NOTE
Maintainer: ‘Berkley Shands <rpackages@biorankings.com>’
No Authors@R field in DESCRIPTION.
Please add one, modifying
Authors@R: c(person(given = "Terrence",
family = "Brooks",
role = "aut"),
person(given = "Berkley",
family = "Shands",
role = c("aut", "cre"),
email = "rpackages@biorankings.com"),
person(given = "Skye",
family = "Buckner-Petty",
role = "aut"),
person(given = c("Patricio", "S."),
family = "La Rosa",
role = "aut"),
person(given = "Elena",
family = "Deych",
role = "aut"),
person(given = c("William", "D."),
family = "Shannon",
role = "aut"))
as necessary.
Flavors: r-devel-linux-x86_64-debian-clang, r-devel-linux-x86_64-debian-gcc