Last updated on 2025-05-21 05:51:46 CEST.
Flavor | Version | Tinstall | Tcheck | Ttotal | Status | Flags |
---|---|---|---|---|---|---|
r-devel-linux-x86_64-debian-clang | 0.4.1 | 8.63 | 104.07 | 112.70 | NOTE | |
r-devel-linux-x86_64-debian-gcc | 0.4.1 | 4.52 | 74.16 | 78.68 | NOTE | |
r-devel-linux-x86_64-fedora-clang | 0.4.1 | 175.39 | OK | |||
r-devel-linux-x86_64-fedora-gcc | 0.4.1 | 184.23 | OK | |||
r-devel-windows-x86_64 | 0.4.1 | 10.00 | 114.00 | 124.00 | OK | |
r-patched-linux-x86_64 | 0.4.1 | 8.12 | 96.24 | 104.36 | OK | |
r-release-linux-x86_64 | 0.4.1 | 8.05 | 97.63 | 105.68 | OK | |
r-release-macos-arm64 | 0.4.1 | 80.00 | OK | |||
r-release-macos-x86_64 | 0.4.1 | 111.00 | OK | |||
r-release-windows-x86_64 | 0.4.1 | 10.00 | 106.00 | 116.00 | OK | |
r-oldrel-macos-arm64 | 0.4.1 | 51.00 | OK | |||
r-oldrel-macos-x86_64 | 0.4.1 | 80.00 | OK | |||
r-oldrel-windows-x86_64 | 0.4.1 | 13.00 | 130.00 | 143.00 | OK |
Version: 0.4.1
Check: CRAN incoming feasibility
Result: NOTE
Maintainer: ‘Zhengguo Xu <zhengguoxu@gmail.com>’
Package CITATION file contains call(s) to old-style personList() or
as.personList(). Please use c() on person objects instead.
Package CITATION file contains call(s) to old-style citEntry(). Please
use bibentry() instead.
Flavors: r-devel-linux-x86_64-debian-clang, r-devel-linux-x86_64-debian-gcc