Last updated on 2025-10-04 05:49:42 CEST.
Flavor | Version | Tinstall | Tcheck | Ttotal | Status | Flags |
---|---|---|---|---|---|---|
r-devel-linux-x86_64-debian-clang | 0.2.0 | 2.49 | 35.61 | 38.10 | OK | |
r-devel-linux-x86_64-debian-gcc | 0.2.0 | 2.15 | 28.47 | 30.62 | OK | |
r-devel-linux-x86_64-fedora-clang | 0.2.0 | 66.05 | OK | |||
r-devel-linux-x86_64-fedora-gcc | 0.2.0 | 72.64 | OK | |||
r-devel-windows-x86_64 | 0.2.0 | 4.00 | 54.00 | 58.00 | OK | |
r-patched-linux-x86_64 | 0.2.0 | 2.60 | 34.63 | 37.23 | OK | |
r-release-linux-x86_64 | 0.2.0 | 2.30 | 33.65 | 35.95 | OK | |
r-release-macos-arm64 | 0.2.0 | 38.00 | OK | |||
r-release-macos-x86_64 | 0.2.0 | 63.00 | OK | |||
r-release-windows-x86_64 | 0.2.0 | 4.00 | 53.00 | 57.00 | OK | |
r-oldrel-macos-arm64 | 0.2.0 | 27.00 | NOTE | |||
r-oldrel-macos-x86_64 | 0.2.0 | 51.00 | NOTE | |||
r-oldrel-windows-x86_64 | 0.2.0 | 5.00 | 63.00 | 68.00 | NOTE |
Version: 0.2.0
Check: LazyData
Result: NOTE
'LazyData' is specified without a 'data' directory
Flavors: r-oldrel-macos-arm64, r-oldrel-macos-x86_64, r-oldrel-windows-x86_64