CRAN Package Check Results for Package caffsim

Last updated on 2025-05-21 05:51:46 CEST.

Flavor Version Tinstall Tcheck Ttotal Status Flags
r-devel-linux-x86_64-debian-clang 0.2.2 9.81 86.98 96.79 OK
r-devel-linux-x86_64-debian-gcc 0.2.2 7.00 63.76 70.76 OK
r-devel-linux-x86_64-fedora-clang 0.2.2 152.78 NOTE
r-devel-linux-x86_64-fedora-gcc 0.2.2 143.94 NOTE
r-devel-windows-x86_64 0.2.2 11.00 103.00 114.00 OK
r-patched-linux-x86_64 0.2.2 10.39 82.33 92.72 OK
r-release-linux-x86_64 0.2.2 10.37 81.90 92.27 OK
r-release-macos-arm64 0.2.2 68.00 OK
r-release-macos-x86_64 0.2.2 80.00 OK
r-release-windows-x86_64 0.2.2 12.00 90.00 102.00 OK
r-oldrel-macos-arm64 0.2.2 43.00 OK
r-oldrel-macos-x86_64 0.2.2 136.00 OK
r-oldrel-windows-x86_64 0.2.2 16.00 124.00 140.00 OK

Check Details

Version: 0.2.2
Check: dependencies in R code
Result: NOTE Namespace in Imports field not imported from: ‘markdown’ All declared Imports should be used. Flavors: r-devel-linux-x86_64-fedora-clang, r-devel-linux-x86_64-fedora-gcc