CRAN Package Check Results for Package camsRad

Last updated on 2025-05-21 05:51:46 CEST.

Flavor Version Tinstall Tcheck Ttotal Status Flags
r-devel-linux-x86_64-debian-clang 0.3.0 1.58 23.55 25.13 NOTE
r-devel-linux-x86_64-debian-gcc 0.3.0 1.33 19.34 20.67 NOTE
r-devel-linux-x86_64-fedora-clang 0.3.0 38.22 OK
r-devel-linux-x86_64-fedora-gcc 0.3.0 50.47 OK
r-devel-windows-x86_64 0.3.0 3.00 53.00 56.00 OK
r-patched-linux-x86_64 0.3.0 1.73 21.90 23.63 OK
r-release-linux-x86_64 0.3.0 1.60 21.69 23.29 OK
r-release-macos-arm64 0.3.0 34.00 OK
r-release-macos-x86_64 0.3.0 47.00 OK
r-release-windows-x86_64 0.3.0 3.00 54.00 57.00 OK
r-oldrel-macos-arm64 0.3.0 22.00 NOTE
r-oldrel-macos-x86_64 0.3.0 47.00 NOTE
r-oldrel-windows-x86_64 0.3.0 3.00 52.00 55.00 NOTE

Check Details

Version: 0.3.0
Check: CRAN incoming feasibility
Result: NOTE Maintainer: ‘Lukas Lundstrom <lukas.rokka@gmail.com>’ Found the following (possibly) invalid file URI: URI: CONDUCT.md From: README.md Flavors: r-devel-linux-x86_64-debian-clang, r-devel-linux-x86_64-debian-gcc

Version: 0.3.0
Check: LazyData
Result: NOTE 'LazyData' is specified without a 'data' directory Flavors: r-oldrel-macos-arm64, r-oldrel-macos-x86_64, r-oldrel-windows-x86_64