Last updated on 2025-05-21 05:51:46 CEST.
Flavor | Version | Tinstall | Tcheck | Ttotal | Status | Flags |
---|---|---|---|---|---|---|
r-devel-linux-x86_64-debian-clang | 0.9.1 | 8.92 | 71.44 | 80.36 | NOTE | |
r-devel-linux-x86_64-debian-gcc | 0.9.1 | 5.41 | 53.22 | 58.63 | NOTE | |
r-devel-linux-x86_64-fedora-clang | 0.9.1 | 127.14 | NOTE | |||
r-devel-linux-x86_64-fedora-gcc | 0.9.1 | 121.16 | NOTE | |||
r-devel-windows-x86_64 | 0.9.1 | 11.00 | 93.00 | 104.00 | NOTE | |
r-patched-linux-x86_64 | 0.9.1 | 7.98 | 67.96 | 75.94 | NOTE | |
r-release-linux-x86_64 | 0.9.1 | 8.53 | 67.82 | 76.35 | NOTE | |
r-release-macos-arm64 | 0.9.1 | 39.00 | NOTE | |||
r-release-macos-x86_64 | 0.9.1 | 104.00 | NOTE | |||
r-release-windows-x86_64 | 0.9.1 | 12.00 | 94.00 | 106.00 | NOTE | |
r-oldrel-macos-arm64 | 0.9.1 | 34.00 | NOTE | |||
r-oldrel-macos-x86_64 | 0.9.1 | 88.00 | NOTE | |||
r-oldrel-windows-x86_64 | 0.9.1 | 13.00 | 102.00 | 115.00 | NOTE |
Version: 0.9.1
Check: Rd files
Result: NOTE
checkRd: (-1) tpcExample.Rd:30: Escaped LaTeX specials: \&
Flavors: r-devel-linux-x86_64-debian-clang, r-devel-linux-x86_64-debian-gcc, r-devel-linux-x86_64-fedora-clang, r-devel-linux-x86_64-fedora-gcc, r-devel-windows-x86_64, r-patched-linux-x86_64, r-release-linux-x86_64, r-release-macos-arm64, r-release-macos-x86_64, r-release-windows-x86_64, r-oldrel-macos-arm64, r-oldrel-macos-x86_64, r-oldrel-windows-x86_64