Last updated on 2025-10-05 05:49:28 CEST.
Flavor | Version | Tinstall | Tcheck | Ttotal | Status | Flags |
---|---|---|---|---|---|---|
r-devel-linux-x86_64-debian-clang | 0.3-3 | 165.14 | 53.03 | 218.17 | OK | |
r-devel-linux-x86_64-debian-gcc | 0.3-3 | 125.29 | 37.36 | 162.65 | OK | |
r-devel-linux-x86_64-fedora-clang | 0.3-3 | 400.28 | OK | |||
r-devel-linux-x86_64-fedora-gcc | 0.3-3 | 446.47 | OK | |||
r-devel-windows-x86_64 | 0.3-3 | 183.00 | 96.00 | 279.00 | OK | |
r-patched-linux-x86_64 | 0.3-3 | 182.18 | 49.03 | 231.21 | OK | |
r-release-linux-x86_64 | 0.3-3 | 178.12 | 49.66 | 227.78 | OK | |
r-release-macos-arm64 | 0.3-3 | 107.00 | OK | |||
r-release-macos-x86_64 | 0.3-3 | 304.00 | OK | |||
r-release-windows-x86_64 | 0.3-3 | 187.00 | 95.00 | 282.00 | OK | |
r-oldrel-macos-arm64 | 0.3-2 | 101.00 | NOTE | |||
r-oldrel-macos-x86_64 | 0.3-3 | 272.00 | NOTE | |||
r-oldrel-windows-x86_64 | 0.3-3 | 219.00 | 114.00 | 333.00 | OK |
Version: 0.3-2
Check: installed package size
Result: NOTE
installed size is 18.1Mb
sub-directories of 1Mb or more:
libs 17.9Mb
Flavor: r-oldrel-macos-arm64
Version: 0.3-3
Check: installed package size
Result: NOTE
installed size is 19.2Mb
sub-directories of 1Mb or more:
libs 18.9Mb
Flavor: r-oldrel-macos-x86_64