Last updated on 2025-05-21 05:51:47 CEST.
Flavor | Version | Tinstall | Tcheck | Ttotal | Status | Flags |
---|---|---|---|---|---|---|
r-devel-linux-x86_64-debian-clang | 1.0.0 | 7.65 | 61.10 | 68.75 | NOTE | |
r-devel-linux-x86_64-debian-gcc | 1.0.0 | 6.26 | 44.95 | 51.21 | NOTE | |
r-devel-linux-x86_64-fedora-clang | 1.0.0 | 111.54 | OK | |||
r-devel-linux-x86_64-fedora-gcc | 1.0.0 | 120.51 | OK | |||
r-devel-windows-x86_64 | 1.0.0 | 10.00 | 83.00 | 93.00 | OK | |
r-patched-linux-x86_64 | 1.0.0 | 6.61 | 57.19 | 63.80 | OK | |
r-release-linux-x86_64 | 1.0.0 | 7.81 | 56.47 | 64.28 | OK | |
r-release-macos-arm64 | 1.0.0 | 39.00 | OK | |||
r-release-macos-x86_64 | 1.0.0 | 76.00 | OK | |||
r-release-windows-x86_64 | 1.0.0 | 9.00 | 72.00 | 81.00 | OK | |
r-oldrel-macos-arm64 | 1.0.0 | 43.00 | OK | |||
r-oldrel-macos-x86_64 | 1.0.0 | 60.00 | OK | |||
r-oldrel-windows-x86_64 | 1.0.0 | 11.00 | 93.00 | 104.00 | OK |
Version: 1.0.0
Check: CRAN incoming feasibility
Result: NOTE
Maintainer: ‘Erick Verleye <erve3705@colorado.edu>’
Package CITATION file contains call(s) to old-style personList() or
as.personList(). Please use c() on person objects instead.
Package CITATION file contains call(s) to old-style citEntry(). Please
use bibentry() instead.
Flavors: r-devel-linux-x86_64-debian-clang, r-devel-linux-x86_64-debian-gcc