Last updated on 2025-05-21 05:51:47 CEST.
Flavor | Version | Tinstall | Tcheck | Ttotal | Status | Flags |
---|---|---|---|---|---|---|
r-devel-linux-x86_64-debian-clang | 0.9.6 | 6.72 | 120.58 | 127.30 | OK | |
r-devel-linux-x86_64-debian-gcc | 0.9.6 | 5.09 | 90.29 | 95.38 | OK | |
r-devel-linux-x86_64-fedora-clang | 0.9.6 | 196.50 | OK | |||
r-devel-linux-x86_64-fedora-gcc | 0.9.6 | 203.78 | OK | |||
r-devel-windows-x86_64 | 0.9.6 | 9.00 | 155.00 | 164.00 | ERROR | |
r-patched-linux-x86_64 | 0.9.6 | 6.37 | 114.18 | 120.55 | OK | |
r-release-linux-x86_64 | 0.9.6 | 6.40 | 113.32 | 119.72 | OK | |
r-release-macos-arm64 | 0.9.6 | 93.00 | OK | |||
r-release-macos-x86_64 | 0.9.6 | 136.00 | OK | |||
r-release-windows-x86_64 | 0.9.6 | 9.00 | 144.00 | 153.00 | OK | |
r-oldrel-macos-arm64 | 0.9.6 | 95.00 | OK | |||
r-oldrel-macos-x86_64 | 0.9.6 | 219.00 | OK | |||
r-oldrel-windows-x86_64 | 0.9.6 | 11.00 | 168.00 | 179.00 | OK |
Version: 0.9.6
Check: re-building of vignette outputs
Result: ERROR
Error(s) in re-building vignettes:
--- re-building 'codebook.Rmd' using rmarkdown
--- finished re-building 'codebook.Rmd'
--- re-building 'codebook_qualtrics.Rmd' using rmarkdown
--- finished re-building 'codebook_qualtrics.Rmd'
--- re-building 'codebook_sav.Rmd' using rmarkdown
Quitting from codebook_sav.Rmd:38-44 [unnamed-chunk-2]
~~~~~~~~~~~~~~~~~~~~~~~~~~~~~~~~~~~~~~~~~~~~~~~~~~~~~~~~~~~~~~~~~~~~~~~~~~~~~~~~
<error/rlang_error>
Error in `curl::curl_fetch_memory()`:
! Timeout was reached [files.osf.io]: SSL/TLS connection timeout
---
Backtrace:
▆
1. ├─rio::import("https://osf.io/j4fcb/download", format = "sav")
2. │ └─rio:::remote_to_local(file, format = format)
3. │ └─curl::curl_fetch_memory(file)
4. └─curl:::raise_libcurl_error(...)
~~~~~~~~~~~~~~~~~~~~~~~~~~~~~~~~~~~~~~~~~~~~~~~~~~~~~~~~~~~~~~~~~~~~~~~~~~~~~~~~
Error: processing vignette 'codebook_sav.Rmd' failed with diagnostics:
Timeout was reached [files.osf.io]: SSL/TLS connection timeout
--- failed re-building 'codebook_sav.Rmd'
--- re-building 'codebook_tutorial.Rmd' using rmarkdown
Quitting from codebook_tutorial.Rmd:55-57 [unnamed-chunk-4]
~~~~~~~~~~~~~~~~~~~~~~~~~~~~~~~~~~~~~~~~~~~~~~~~~~~~~~~~~~~~~~~~~~~~~~~~~~~~~~~~
<error/rlang_error>
Error in `curl::curl_fetch_memory()`:
! Timeout was reached [files.de-1.osf.io]: SSL/TLS connection timeout
---
Backtrace:
▆
1. ├─rio::import("https://osf.io/s87kd/download", "csv")
2. │ └─rio:::remote_to_local(file, format = format)
3. │ └─curl::curl_fetch_memory(file)
4. └─curl:::raise_libcurl_error(...)
~~~~~~~~~~~~~~~~~~~~~~~~~~~~~~~~~~~~~~~~~~~~~~~~~~~~~~~~~~~~~~~~~~~~~~~~~~~~~~~~
Error: processing vignette 'codebook_tutorial.Rmd' failed with diagnostics:
Timeout was reached [files.de-1.osf.io]: SSL/TLS connection timeout
--- failed re-building 'codebook_tutorial.Rmd'
SUMMARY: processing the following files failed:
'codebook_sav.Rmd' 'codebook_tutorial.Rmd'
Error: Vignette re-building failed.
Execution halted
Flavor: r-devel-windows-x86_64