Last updated on 2025-05-21 05:51:47 CEST.
Flavor | Version | Tinstall | Tcheck | Ttotal | Status | Flags |
---|---|---|---|---|---|---|
r-devel-linux-x86_64-debian-clang | 0.1.3 | 6.70 | 42.28 | 48.98 | NOTE | |
r-devel-linux-x86_64-debian-gcc | 0.1.3 | 5.21 | 32.59 | 37.80 | NOTE | |
r-devel-linux-x86_64-fedora-clang | 0.1.3 | 75.97 | OK | |||
r-devel-linux-x86_64-fedora-gcc | 0.1.3 | 72.11 | OK | |||
r-devel-windows-x86_64 | 0.1.3 | 9.00 | 67.00 | 76.00 | OK | |
r-patched-linux-x86_64 | 0.1.3 | 6.64 | 39.45 | 46.09 | OK | |
r-release-linux-x86_64 | 0.1.3 | 7.08 | 39.39 | 46.47 | OK | |
r-release-macos-arm64 | 0.1.3 | 32.00 | OK | |||
r-release-macos-x86_64 | 0.1.3 | 47.00 | OK | |||
r-release-windows-x86_64 | 0.1.3 | 9.00 | 64.00 | 73.00 | OK | |
r-oldrel-macos-arm64 | 0.1.3 | 28.00 | OK | |||
r-oldrel-macos-x86_64 | 0.1.3 | 40.00 | OK | |||
r-oldrel-windows-x86_64 | 0.1.3 | 9.00 | 72.00 | 81.00 | OK |
Version: 0.1.3
Check: CRAN incoming feasibility
Result: NOTE
Maintainer: ‘Steve Condylios <steve.condylios@gmail.com>’
No Authors@R field in DESCRIPTION.
Please add one, modifying
Authors@R: person(given = "Steve",
family = "Condylios",
role = c("aut", "cre"),
email = "steve.condylios@gmail.com",
comment = c(ORCID = "0000-0003-0599-844X"))
as necessary.
Flavors: r-devel-linux-x86_64-debian-clang, r-devel-linux-x86_64-debian-gcc