Last updated on 2025-10-05 05:49:29 CEST.
Flavor | Version | Tinstall | Tcheck | Ttotal | Status | Flags |
---|---|---|---|---|---|---|
r-devel-linux-x86_64-debian-clang | 0.1.6 | 2.47 | 40.12 | 42.59 | NOTE | |
r-devel-linux-x86_64-debian-gcc | 0.1.6 | 1.95 | 31.12 | 33.07 | NOTE | |
r-devel-linux-x86_64-fedora-clang | 0.1.6 | 59.26 | NOTE | |||
r-devel-linux-x86_64-fedora-gcc | 0.1.6 | 73.27 | NOTE | |||
r-devel-windows-x86_64 | 0.1.6 | 4.00 | 66.00 | 70.00 | NOTE | |
r-patched-linux-x86_64 | 0.1.6 | 2.75 | 36.58 | 39.33 | NOTE | |
r-release-linux-x86_64 | 0.1.6 | 2.37 | 37.17 | 39.54 | NOTE | |
r-release-macos-arm64 | 0.1.6 | 28.00 | NOTE | |||
r-release-macos-x86_64 | 0.1.6 | 58.00 | NOTE | |||
r-release-windows-x86_64 | 0.1.6 | 5.00 | 68.00 | 73.00 | NOTE | |
r-oldrel-macos-arm64 | 0.1.6 | 33.00 | NOTE | |||
r-oldrel-macos-x86_64 | 0.1.6 | 43.00 | NOTE | |||
r-oldrel-windows-x86_64 | 0.1.6 | 4.00 | 73.00 | 77.00 | NOTE |
Version: 0.1.6
Check: Rd files
Result: NOTE
checkRd: (-1) concstats_hhi.Rd:13: Lost braces; missing escapes or markup?
13 | value is required. Ranges from {0, 1} and often used for comparison over
| ^
Flavors: r-devel-linux-x86_64-debian-clang, r-devel-linux-x86_64-debian-gcc, r-devel-linux-x86_64-fedora-clang, r-devel-linux-x86_64-fedora-gcc, r-devel-windows-x86_64, r-patched-linux-x86_64, r-release-linux-x86_64, r-release-macos-arm64, r-release-macos-x86_64, r-release-windows-x86_64, r-oldrel-macos-arm64, r-oldrel-macos-x86_64, r-oldrel-windows-x86_64