CRAN Package Check Results for Package correctedAUC

Last updated on 2025-05-21 05:51:48 CEST.

Flavor Version Tinstall Tcheck Ttotal Status Flags
r-devel-linux-x86_64-debian-clang 0.0.3 2.38 19.99 22.37 NOTE
r-devel-linux-x86_64-debian-gcc 0.0.3 1.80 16.21 18.01 NOTE
r-devel-linux-x86_64-fedora-clang 0.0.3 34.44 OK
r-devel-linux-x86_64-fedora-gcc 0.0.3 33.13 OK
r-devel-windows-x86_64 0.0.3 4.00 50.00 54.00 OK
r-patched-linux-x86_64 0.0.3 2.46 19.00 21.46 OK
r-release-linux-x86_64 0.0.3 2.29 19.13 21.42 OK
r-release-macos-arm64 0.0.3 17.00 OK
r-release-macos-x86_64 0.0.3 25.00 OK
r-release-windows-x86_64 0.0.3 3.00 45.00 48.00 OK
r-oldrel-macos-arm64 0.0.3 15.00 OK
r-oldrel-macos-x86_64 0.0.3 22.00 OK
r-oldrel-windows-x86_64 0.0.3 3.00 41.00 44.00 OK

Check Details

Version: 0.0.3
Check: CRAN incoming feasibility
Result: NOTE Maintainer: ‘Weiliang Qiu <stwxq@channing.harvard.edu>’ No Authors@R field in DESCRIPTION. Please add one, modifying Authors@R: c(person(given = "Bernard", family = "Rosner", role = "aut"), person(given = "Shelley", family = "Tworoger", role = "aut"), person(given = "Weiliang", family = "Qiu", role = c("aut", "cre"), email = "stwxq@channing.harvard.edu")) as necessary. Flavors: r-devel-linux-x86_64-debian-clang, r-devel-linux-x86_64-debian-gcc