Last updated on 2025-05-21 05:51:48 CEST.
Flavor | Version | Tinstall | Tcheck | Ttotal | Status | Flags |
---|---|---|---|---|---|---|
r-devel-linux-x86_64-debian-clang | 0.1.0 | 1.52 | 19.63 | 21.15 | OK | |
r-devel-linux-x86_64-debian-gcc | 0.1.0 | 1.34 | 16.41 | 17.75 | OK | |
r-devel-linux-x86_64-fedora-clang | 0.1.0 | 33.02 | OK | |||
r-devel-linux-x86_64-fedora-gcc | 0.1.0 | 31.76 | OK | |||
r-devel-windows-x86_64 | 0.1.0 | 3.00 | 52.00 | 55.00 | OK | |
r-patched-linux-x86_64 | 0.1.0 | 1.04 | 19.03 | 20.07 | OK | |
r-release-linux-x86_64 | 0.1.0 | 1.17 | 18.81 | 19.98 | OK | |
r-release-macos-arm64 | 0.1.0 | 23.00 | OK | |||
r-release-macos-x86_64 | 0.1.0 | 27.00 | OK | |||
r-release-windows-x86_64 | 0.1.0 | 4.00 | 51.00 | 55.00 | OK | |
r-oldrel-macos-arm64 | 0.1.0 | 17.00 | NOTE | |||
r-oldrel-macos-x86_64 | 0.1.0 | 23.00 | NOTE | |||
r-oldrel-windows-x86_64 | 0.1.0 | 3.00 | 50.00 | 53.00 | NOTE |
Version: 0.1.0
Check: LazyData
Result: NOTE
'LazyData' is specified without a 'data' directory
Flavors: r-oldrel-macos-arm64, r-oldrel-macos-x86_64, r-oldrel-windows-x86_64