CRAN Package Check Results for Package covid19france

Last updated on 2025-10-05 05:49:30 CEST.

Flavor Version Tinstall Tcheck Ttotal Status Flags
r-devel-linux-x86_64-debian-clang 0.1.0 1.85 35.39 37.24 OK
r-devel-linux-x86_64-debian-gcc 0.1.0 1.36 26.85 28.21 OK
r-devel-linux-x86_64-fedora-clang 0.1.0 53.28 NOTE
r-devel-linux-x86_64-fedora-gcc 0.1.0 52.47 NOTE
r-devel-windows-x86_64 0.1.0 5.00 57.00 62.00 OK
r-patched-linux-x86_64 0.1.0 1.29 33.03 34.32 OK
r-release-linux-x86_64 0.1.0 1.70 33.26 34.96 OK
r-release-macos-arm64 0.1.0 22.00 OK
r-release-macos-x86_64 0.1.0 37.00 OK
r-release-windows-x86_64 0.1.0 3.00 58.00 61.00 OK
r-oldrel-macos-arm64 0.1.0 21.00 NOTE
r-oldrel-macos-x86_64 0.1.0 30.00 NOTE
r-oldrel-windows-x86_64 0.1.0 5.00 64.00 69.00 NOTE

Check Details

Version: 0.1.0
Check: dependencies in R code
Result: NOTE Namespace in Imports field not imported from: ‘lubridate’ All declared Imports should be used. Flavors: r-devel-linux-x86_64-fedora-clang, r-devel-linux-x86_64-fedora-gcc

Version: 0.1.0
Check: LazyData
Result: NOTE 'LazyData' is specified without a 'data' directory Flavors: r-oldrel-macos-arm64, r-oldrel-macos-x86_64, r-oldrel-windows-x86_64