CRAN Package Check Results for Package dclust

Last updated on 2025-05-21 05:51:48 CEST.

Flavor Version Tinstall Tcheck Ttotal Status Flags
r-devel-linux-x86_64-debian-clang 0.1.0 2.74 26.13 28.87 OK
r-devel-linux-x86_64-debian-gcc 0.1.0 1.66 19.98 21.64 OK
r-devel-linux-x86_64-fedora-clang 0.1.0 45.00 OK
r-devel-linux-x86_64-fedora-gcc 0.1.0 42.61 OK
r-devel-windows-x86_64 0.1.0 4.00 51.00 55.00 OK
r-patched-linux-x86_64 0.1.0 2.18 24.68 26.86 OK
r-release-linux-x86_64 0.1.0 2.67 24.94 27.61 OK
r-release-macos-arm64 0.1.0 20.00 OK
r-release-macos-x86_64 0.1.0 33.00 OK
r-release-windows-x86_64 0.1.0 4.00 56.00 60.00 OK
r-oldrel-macos-arm64 0.1.0 18.00 NOTE
r-oldrel-macos-x86_64 0.1.0 24.00 NOTE
r-oldrel-windows-x86_64 0.1.0 5.00 50.00 55.00 NOTE

Check Details

Version: 0.1.0
Check: LazyData
Result: NOTE 'LazyData' is specified without a 'data' directory Flavors: r-oldrel-macos-arm64, r-oldrel-macos-x86_64, r-oldrel-windows-x86_64